{"id":8762,"date":"2024-05-19T07:52:18","date_gmt":"2024-05-19T06:52:18","guid":{"rendered":"https:\/\/www.aufildutheatre.com\/?page_id=8762"},"modified":"2026-03-12T15:43:39","modified_gmt":"2026-03-12T14:43:39","slug":"tarifs-fz-a","status":"publish","type":"page","link":"https:\/\/www.aufildutheatre.com\/?page_id=8762","title":{"rendered":"Tarifs F&rsquo;Z A"},"content":{"rendered":"<div class=\"inner-wrap\">\n<div id=\"primary\">\n<div id=\"content\" class=\"clearfix\">\n<article id=\"post-8693\" class=\"post-8693 page type-page status-publish hentry\">\n<div class=\"entry-content clearfix\">\n<p><span style=\"color: #bfb8b8;\">* Ces&nbsp; prix peuvent \u00eatre modifi\u00e9s lorsque nous aurons termin\u00e9 leurs r\u00e9alisations finales.<\/span><\/p>\n<p><strong>1\/ LA CERISE SUR LE GATEAU&nbsp;<\/strong><\/p>\n<p>(Cr\u00e9ation 9 mois \/5 ans)<\/p>\n<p><a href=\"https:\/\/www.aufildutheatre.com\/wp-content\/uploads\/2024\/05\/20240507_173914.jpg\"><img loading=\"lazy\" class=\"alignnone size-medium wp-image-8718\" src=\"https:\/\/www.aufildutheatre.com\/wp-content\/uploads\/2024\/05\/20240507_173914-300x164.jpg\" sizes=\"(max-width: 300px) 100vw, 300px\" srcset=\"https:\/\/www.aufildutheatre.com\/wp-content\/uploads\/2024\/05\/20240507_173914-300x164.jpg 300w, https:\/\/www.aufildutheatre.com\/wp-content\/uploads\/2024\/05\/20240507_173914-1024x561.jpg 1024w, https:\/\/www.aufildutheatre.com\/wp-content\/uploads\/2024\/05\/20240507_173914-768x420.jpg 768w, https:\/\/www.aufildutheatre.com\/wp-content\/uploads\/2024\/05\/20240507_173914-1536x841.jpg 1536w, https:\/\/www.aufildutheatre.com\/wp-content\/uploads\/2024\/05\/20240507_173914-2048x1121.jpg 2048w\" alt=\"\" width=\"300\" height=\"164\"><\/a><\/p>\n<p>Une cr\u00e9ation \u00e0 1 com\u00e9dienne.<\/p>\n<p><strong>DUREE&nbsp; :<\/strong> 35 mn env<\/p>\n<p><strong>TARIF <\/strong>(petite Jauge: Rpe\/Cr\u00e8ches&#8230;)<strong> :<\/strong>&nbsp; &nbsp;<strong>380<span style=\"color: #bfb8b8;\">*<\/span> \u20ac&nbsp;<\/strong><\/p>\n<p>Autres (Festivals, Mairies, CE etc) :&nbsp; <strong>420 \u20ac&nbsp; <\/strong><\/p>\n<p>&nbsp;FRAIS DE DEPLACEMENT : Se Renseigner !<\/p>\n<p>&nbsp;Dans tous les cas +60 \u20ac p\u00e9riode autour de No\u00ebl<\/p>\n<p>&nbsp;<\/p>\n<p><strong>2\/ DANS MON POTAGER IL Y A&#8230; <\/strong><\/p>\n<p>(public familial \u00e0 partir de 1 an) <strong><br \/>\n<\/strong><\/p>\n<p><a href=\"https:\/\/www.aufildutheatre.com\/wp-content\/uploads\/2024\/04\/fleurs-abeille-scaled.jpg\"><img loading=\"lazy\" class=\"alignnone size-medium wp-image-8619\" src=\"https:\/\/www.aufildutheatre.com\/wp-content\/uploads\/2024\/04\/fleurs-abeille-300x139.jpg\" sizes=\"(max-width: 300px) 100vw, 300px\" srcset=\"https:\/\/www.aufildutheatre.com\/wp-content\/uploads\/2024\/04\/fleurs-abeille-300x139.jpg 300w, https:\/\/www.aufildutheatre.com\/wp-content\/uploads\/2024\/04\/fleurs-abeille-1024x473.jpg 1024w, https:\/\/www.aufildutheatre.com\/wp-content\/uploads\/2024\/04\/fleurs-abeille-768x355.jpg 768w, https:\/\/www.aufildutheatre.com\/wp-content\/uploads\/2024\/04\/fleurs-abeille-1536x710.jpg 1536w, https:\/\/www.aufildutheatre.com\/wp-content\/uploads\/2024\/04\/fleurs-abeille-2048x947.jpg 2048w, https:\/\/www.aufildutheatre.com\/wp-content\/uploads\/2024\/04\/fleurs-abeille-750x350.jpg 750w, https:\/\/www.aufildutheatre.com\/wp-content\/uploads\/2024\/04\/fleurs-abeille-642x300.jpg 642w\" alt=\"\" width=\"300\" height=\"139\"><\/a><\/p>\n<p>2 Adaptations : <strong>a\/&nbsp;<\/strong> (1 \/4 ans) \u2013&nbsp; <strong>b\/<\/strong>&nbsp; (3 \/8 ans ou +)<\/p>\n<p>A deux com\u00e9diennes<\/p>\n<p><strong>DUREES:<\/strong>&nbsp; <strong>a\/<\/strong>&nbsp; env 35 mn&nbsp; &#8211; <strong>b\/<\/strong>&nbsp; env 40 mn<\/p>\n<p><strong>TARIF: <\/strong>&nbsp;<strong>450<span style=\"color: #bfb8b8;\">*<\/span>\u20ac&nbsp; \u00e0 550\u20ac + Frais de d\u00e9placement 0,60 \u20ac du Km A R depuis Anglet<br \/>\n<\/strong><\/p>\n<p>+60 \u20ac p\u00e9riode autour de No\u00ebl<\/p>\n<p>Renseignez-vous, possibilit\u00e9 de proposer 1 petit atelier de jardinage et manipulation de marionnettes en relation avec le spectacle en petit groupe de 8\/10 enfants<\/p>\n<p>Les enfants&nbsp; pourront manipuler des petites insectes marionnettes (abeille, coccinelle, libelule papillon) et repartiraient avec leur petit pot de terre avec leur graine plant\u00e9e&#8230;<\/p>\n<p><strong>3\/ LES TROIS GROS MALINS&nbsp;&nbsp;<\/strong><\/p>\n<p>(Cr\u00e9ation 15 mois \/ 6 ans)<\/p>\n<p><a href=\"https:\/\/www.aufildutheatre.com\/wp-content\/uploads\/2024\/05\/20240507_182339.jpg\"><img loading=\"lazy\" class=\"alignnone size-medium wp-image-8720\" src=\"https:\/\/www.aufildutheatre.com\/wp-content\/uploads\/2024\/05\/20240507_182339-300x229.jpg\" sizes=\"(max-width: 300px) 100vw, 300px\" srcset=\"https:\/\/www.aufildutheatre.com\/wp-content\/uploads\/2024\/05\/20240507_182339-300x229.jpg 300w, https:\/\/www.aufildutheatre.com\/wp-content\/uploads\/2024\/05\/20240507_182339-1024x782.jpg 1024w, https:\/\/www.aufildutheatre.com\/wp-content\/uploads\/2024\/05\/20240507_182339-768x587.jpg 768w, https:\/\/www.aufildutheatre.com\/wp-content\/uploads\/2024\/05\/20240507_182339.jpg 1335w\" alt=\"\" width=\"300\" height=\"229\"><\/a><\/p>\n<p>Cr\u00e9ation avec 2 com\u00e9diennes<\/p>\n<p><strong>DUREE:<\/strong> 35\/40 mn&nbsp;<\/p>\n<p><strong>TARIF :<\/strong> autour de <strong>420*\u20ac <\/strong>&nbsp;<strong>+ Frais de d\u00e9placement 0,60\u20ac du Km A-R&nbsp; depuis Anglet<\/strong><\/p>\n<p>+60 \u20ac p\u00e9riode autour de No\u00ebl<\/p>\n<p><strong>4\/ Petite animation DANS MA FERME.&nbsp; <\/strong>(18 mois\/5 ans)<\/p>\n<p><a href=\"https:\/\/www.aufildutheatre.com\/wp-content\/uploads\/2024\/04\/20240417_102621-1.jpg\"><img loading=\"lazy\" class=\"alignnone size-medium wp-image-8516\" src=\"https:\/\/www.aufildutheatre.com\/wp-content\/uploads\/2024\/04\/20240417_102621-1-300x228.jpg\" sizes=\"(max-width: 300px) 100vw, 300px\" srcset=\"https:\/\/www.aufildutheatre.com\/wp-content\/uploads\/2024\/04\/20240417_102621-1-300x228.jpg 300w, https:\/\/www.aufildutheatre.com\/wp-content\/uploads\/2024\/04\/20240417_102621-1-1024x777.jpg 1024w, https:\/\/www.aufildutheatre.com\/wp-content\/uploads\/2024\/04\/20240417_102621-1-768x583.jpg 768w, https:\/\/www.aufildutheatre.com\/wp-content\/uploads\/2024\/04\/20240417_102621-1-1536x1165.jpg 1536w, https:\/\/www.aufildutheatre.com\/wp-content\/uploads\/2024\/04\/20240417_102621-1-2048x1554.jpg 2048w\" alt=\"\" width=\"300\" height=\"228\"><\/a><\/p>\n<p>Apr\u00e8s un petit skettch pr\u00e9sent\u00e9 aux enfants par la com\u00e9dienne une petite animation interactive&nbsp; est propos\u00e9e aux enfants.&nbsp; Ceux ou celles qui le souhaitent,&nbsp; pourront venir manipuler, toucher,&nbsp; d\u00e9placer les animaux de la ferme tels que:&nbsp; les poules,&nbsp; , la souris, le chien, le lapin, le mouton&#8230; Ils pourront jouer avec les ouvertures du poulailler, de la niche et ainsi,&nbsp; imaginer comment d\u00e9placer ses animaux, comment les faire parler&#8230;<\/p>\n<p><strong>DUREE:&nbsp;<\/strong> 10 \u00e0 15 minutes<\/p>\n<p><strong>TARIF : 80 \u20ac <\/strong>&nbsp; (en suppl\u00e9ment d&rsquo;une des formes : \u00ab\u00a0La cerise sur le g\u00e2teau\u00a0\u00bb ou : \u00ab\u00a0les 3 gros malins\u00a0\u00bb) Ou animation <strong>120 \u20ac<\/strong> seule.&nbsp;<\/p>\n<p><strong>&nbsp;<\/strong><\/p>\n<\/div>\n<\/article>\n<\/div>\n<\/div>\n<\/div>\n","protected":false},"excerpt":{"rendered":"<p>* Ces&nbsp; prix peuvent \u00eatre modifi\u00e9s lorsque nous aurons termin\u00e9 leurs r\u00e9alisations finales. 1\/ LA CERISE SUR LE GATEAU&nbsp; (Cr\u00e9ation 9 mois \/5 ans) Une cr\u00e9ation \u00e0 1 com\u00e9dienne. DUREE&nbsp; : 35 mn env TARIF (petite Jauge: Rpe\/Cr\u00e8ches&#8230;) :&nbsp; &nbsp;380*<\/p>\n","protected":false},"author":1,"featured_media":0,"parent":0,"menu_order":0,"comment_status":"closed","ping_status":"closed","template":"","meta":{"ngg_post_thumbnail":0},"_links":{"self":[{"href":"https:\/\/www.aufildutheatre.com\/index.php?rest_route=\/wp\/v2\/pages\/8762"}],"collection":[{"href":"https:\/\/www.aufildutheatre.com\/index.php?rest_route=\/wp\/v2\/pages"}],"about":[{"href":"https:\/\/www.aufildutheatre.com\/index.php?rest_route=\/wp\/v2\/types\/page"}],"author":[{"embeddable":true,"href":"https:\/\/www.aufildutheatre.com\/index.php?rest_route=\/wp\/v2\/users\/1"}],"replies":[{"embeddable":true,"href":"https:\/\/www.aufildutheatre.com\/index.php?rest_route=%2Fwp%2Fv2%2Fcomments&post=8762"}],"version-history":[{"count":31,"href":"https:\/\/www.aufildutheatre.com\/index.php?rest_route=\/wp\/v2\/pages\/8762\/revisions"}],"predecessor-version":[{"id":9136,"href":"https:\/\/www.aufildutheatre.com\/index.php?rest_route=\/wp\/v2\/pages\/8762\/revisions\/9136"}],"wp:attachment":[{"href":"https:\/\/www.aufildutheatre.com\/index.php?rest_route=%2Fwp%2Fv2%2Fmedia&parent=8762"}],"curies":[{"name":"wp","href":"https:\/\/api.w.org\/{rel}","templated":true}]}}

<div class="inner-wrap">
<div id="primary">
<div id="content" class="clearfix">
<article id="post-8693" class="post-8693 page type-page status-publish hentry">
<div class="entry-content clearfix">
<p><span style="color: #bfb8b8;">* Ces&nbsp; prix peuvent être modifiés lorsque nous aurons terminé leurs réalisations finales.</span></p>
<p><strong>1/ LA CERISE SUR LE GATEAU&nbsp;</strong></p>
<p>(Création 9 mois /5 ans)</p>
<p><a href="https://www.aufildutheatre.com/wp-content/uploads/2024/05/20240507_173914.jpg"><img loading="lazy" class="alignnone size-medium wp-image-8718" src="https://www.aufildutheatre.com/wp-content/uploads/2024/05/20240507_173914-300x164.jpg" sizes="(max-width: 300px) 100vw, 300px" srcset="https://www.aufildutheatre.com/wp-content/uploads/2024/05/20240507_173914-300x164.jpg 300w, https://www.aufildutheatre.com/wp-content/uploads/2024/05/20240507_173914-1024x561.jpg 1024w, https://www.aufildutheatre.com/wp-content/uploads/2024/05/20240507_173914-768x420.jpg 768w, https://www.aufildutheatre.com/wp-content/uploads/2024/05/20240507_173914-1536x841.jpg 1536w, https://www.aufildutheatre.com/wp-content/uploads/2024/05/20240507_173914-2048x1121.jpg 2048w" alt="" width="300" height="164"></a></p>
<p>Une création à 1 comédienne.</p>
<p><strong>DUREE&nbsp; :</strong> 35 mn env</p>
<p><strong>TARIF </strong>(petite Jauge: Rpe/Crèches&#8230;)<strong> :</strong>&nbsp; &nbsp;<strong>380<span style="color: #bfb8b8;">*</span> €&nbsp;</strong></p>
<p>Autres (Festivals, Mairies, CE etc) :&nbsp; <strong>420 €&nbsp; </strong></p>
<p>&nbsp;FRAIS DE DEPLACEMENT : Se Renseigner !</p>
<p>&nbsp;Dans tous les cas +60 € période autour de Noël</p>
<p>&nbsp;</p>
<p><strong>2/ DANS MON POTAGER IL Y A&#8230; </strong></p>
<p>(public familial à partir de 1 an) <strong><br />
</strong></p>
<p><a href="https://www.aufildutheatre.com/wp-content/uploads/2024/04/fleurs-abeille-scaled.jpg"><img loading="lazy" class="alignnone size-medium wp-image-8619" src="https://www.aufildutheatre.com/wp-content/uploads/2024/04/fleurs-abeille-300x139.jpg" sizes="(max-width: 300px) 100vw, 300px" srcset="https://www.aufildutheatre.com/wp-content/uploads/2024/04/fleurs-abeille-300x139.jpg 300w, https://www.aufildutheatre.com/wp-content/uploads/2024/04/fleurs-abeille-1024x473.jpg 1024w, https://www.aufildutheatre.com/wp-content/uploads/2024/04/fleurs-abeille-768x355.jpg 768w, https://www.aufildutheatre.com/wp-content/uploads/2024/04/fleurs-abeille-1536x710.jpg 1536w, https://www.aufildutheatre.com/wp-content/uploads/2024/04/fleurs-abeille-2048x947.jpg 2048w, https://www.aufildutheatre.com/wp-content/uploads/2024/04/fleurs-abeille-750x350.jpg 750w, https://www.aufildutheatre.com/wp-content/uploads/2024/04/fleurs-abeille-642x300.jpg 642w" alt="" width="300" height="139"></a></p>
<p>2 Adaptations : <strong>a/&nbsp;</strong> (1 /4 ans) –&nbsp; <strong>b/</strong>&nbsp; (3 /8 ans ou +)</p>
<p>A deux comédiennes</p>
<p><strong>DUREES:</strong>&nbsp; <strong>a/</strong>&nbsp; env 35 mn&nbsp; &#8211; <strong>b/</strong>&nbsp; env 40 mn</p>
<p><strong>TARIF: </strong>&nbsp;<strong>450<span style="color: #bfb8b8;">*</span>€&nbsp; à 550€ + Frais de déplacement 0,60 € du Km A R depuis Anglet<br />
</strong></p>
<p>+60 € période autour de Noël</p>
<p>Renseignez-vous, possibilité de proposer 1 petit atelier de jardinage et manipulation de marionnettes en relation avec le spectacle en petit groupe de 8/10 enfants</p>
<p>Les enfants&nbsp; pourront manipuler des petites insectes marionnettes (abeille, coccinelle, libelule papillon) et repartiraient avec leur petit pot de terre avec leur graine plantée&#8230;</p>
<p><strong>3/ LES TROIS GROS MALINS&nbsp;&nbsp;</strong></p>
<p>(Création 15 mois / 6 ans)</p>
<p><a href="https://www.aufildutheatre.com/wp-content/uploads/2024/05/20240507_182339.jpg"><img loading="lazy" class="alignnone size-medium wp-image-8720" src="https://www.aufildutheatre.com/wp-content/uploads/2024/05/20240507_182339-300x229.jpg" sizes="(max-width: 300px) 100vw, 300px" srcset="https://www.aufildutheatre.com/wp-content/uploads/2024/05/20240507_182339-300x229.jpg 300w, https://www.aufildutheatre.com/wp-content/uploads/2024/05/20240507_182339-1024x782.jpg 1024w, https://www.aufildutheatre.com/wp-content/uploads/2024/05/20240507_182339-768x587.jpg 768w, https://www.aufildutheatre.com/wp-content/uploads/2024/05/20240507_182339.jpg 1335w" alt="" width="300" height="229"></a></p>
<p>Création avec 2 comédiennes</p>
<p><strong>DUREE:</strong> 35/40 mn&nbsp;</p>
<p><strong>TARIF :</strong> autour de <strong>420*€ </strong>&nbsp;<strong>+ Frais de déplacement 0,60€ du Km A-R&nbsp; depuis Anglet</strong></p>
<p>+60 € période autour de Noël</p>
<p><strong>4/ Petite animation DANS MA FERME.&nbsp; </strong>(18 mois/5 ans)</p>
<p><a href="https://www.aufildutheatre.com/wp-content/uploads/2024/04/20240417_102621-1.jpg"><img loading="lazy" class="alignnone size-medium wp-image-8516" src="https://www.aufildutheatre.com/wp-content/uploads/2024/04/20240417_102621-1-300x228.jpg" sizes="(max-width: 300px) 100vw, 300px" srcset="https://www.aufildutheatre.com/wp-content/uploads/2024/04/20240417_102621-1-300x228.jpg 300w, https://www.aufildutheatre.com/wp-content/uploads/2024/04/20240417_102621-1-1024x777.jpg 1024w, https://www.aufildutheatre.com/wp-content/uploads/2024/04/20240417_102621-1-768x583.jpg 768w, https://www.aufildutheatre.com/wp-content/uploads/2024/04/20240417_102621-1-1536x1165.jpg 1536w, https://www.aufildutheatre.com/wp-content/uploads/2024/04/20240417_102621-1-2048x1554.jpg 2048w" alt="" width="300" height="228"></a></p>
<p>Après un petit skettch présenté aux enfants par la comédienne une petite animation interactive&nbsp; est proposée aux enfants.&nbsp; Ceux ou celles qui le souhaitent,&nbsp; pourront venir manipuler, toucher,&nbsp; déplacer les animaux de la ferme tels que:&nbsp; les poules,&nbsp; , la souris, le chien, le lapin, le mouton&#8230; Ils pourront jouer avec les ouvertures du poulailler, de la niche et ainsi,&nbsp; imaginer comment déplacer ses animaux, comment les faire parler&#8230;</p>
<p><strong>DUREE:&nbsp;</strong> 10 à 15 minutes</p>
<p><strong>TARIF : 80 € </strong>&nbsp; (en supplément d&rsquo;une des formes : « La cerise sur le gâteau » ou : « les 3 gros malins ») Ou animation <strong>120 €</strong> seule.&nbsp;</p>
<p><strong>&nbsp;</strong></p>
</div>
</article>
</div>
</div>
</div>

<p>* Ces&nbsp; prix peuvent être modifiés lorsque nous aurons terminé leurs réalisations finales. 1/ LA CERISE SUR LE GATEAU&nbsp; (Création 9 mois /5 ans) Une création à 1 comédienne. DUREE&nbsp; : 35 mn env TARIF (petite Jauge: Rpe/Crèches&#8230;) :&nbsp; &nbsp;380*</p>
