{"id":5593,"date":"2012-04-07T15:54:14","date_gmt":"2012-04-07T14:54:14","guid":{"rendered":"http:\/\/www.aufildutheatre.com\/new\/?page_id=5593"},"modified":"2025-06-10T13:15:38","modified_gmt":"2025-06-10T12:15:38","slug":"anniversaires","status":"publish","type":"page","link":"https:\/\/www.aufildutheatre.com\/?page_id=5593","title":{"rendered":"FETES d&rsquo;ANNIVERSAIRES, FETES de FAMILLES (mariages, cousinades), FETES d&rsquo;ENTREPRISES etc"},"content":{"rendered":"<p><span style=\"color: #92ba61; font-family: 'book antiqua', palatino, serif;\"><span style=\"font-size: 12pt;\">EVENEMENTiELS&nbsp; : 5 PROPOSITIONS D&rsquo;ANIMATIONS <\/span><\/span><\/p>\n<h6><span style=\"font-size: 10pt; color: #99cc00;\">5<span style=\"font-family: 'book antiqua', palatino, serif;\"> spectacles\/animations (en fran\u00e7ais, basque bilingue ou castillan cf rubriques titres correspondants) pour des enfants de 1 ans \u00e0 7 ans qui s&rsquo;adaptent tr\u00e8s bien \u00e0 des \u00e9v\u00e9nements particuliers tels que des bapt\u00eames, des cousinades, des mariages et ou des anniversaires&#8230; . <\/span><\/span><\/h6>\n<h5 style=\"text-align: justify;\"><span style=\"color: #92ba61; font-size: 10pt;\">&nbsp;Spectacles&nbsp; Jeune Public :&nbsp;<\/span><\/h5>\n<h5 style=\"text-align: justify;\"><span style=\"color: #92ba61; font-size: 10pt;\"><a style=\"color: #92ba61;\" href=\"http:\/\/www.aufildutheatre.com\/new\/wp-content\/uploads\/2012\/04\/ANNIF-ASG-copie.jpg\"><img loading=\"lazy\" class=\" wp-image-5595 alignleft\" title=\"ANNIF ASG copie\" src=\"http:\/\/www.aufildutheatre.com\/new\/wp-content\/uploads\/2012\/04\/ANNIF-ASG-copie-299x272.jpg\" alt=\"\" width=\"179\" height=\"163\" srcset=\"https:\/\/www.aufildutheatre.com\/wp-content\/uploads\/2012\/04\/ANNIF-ASG-copie-299x272.jpg 299w, https:\/\/www.aufildutheatre.com\/wp-content\/uploads\/2012\/04\/ANNIF-ASG-copie-1024x929.jpg 1024w, https:\/\/www.aufildutheatre.com\/wp-content\/uploads\/2012\/04\/ANNIF-ASG-copie.jpg 1187w\" sizes=\"(max-width: 179px) 100vw, 179px\" \/><\/a><\/span><\/h5>\n<h5 style=\"text-align: justify;\"><span style=\"color: #92ba61;\"><span style=\"text-decoration: underline;\"><span style=\"font-size: 10pt;\">1\/AM STRAM GRAM&nbsp;<\/span><\/span><span style=\"font-size: 10pt;\"><span style=\"text-decoration: underline; font-size: 8pt;\"> (cr\u00e9ation 18 mois \/ 7 ans)<\/span><br \/>\n<\/span><\/span><\/h5>\n<h5 style=\"text-align: left;\"><span style=\"color: #92ba61;\"><span style=\"font-family: 'book antiqua', palatino, serif;\"><strong><span style=\"font-size: 10pt;\">Grande grande partie de jeu de l&rsquo;oie amusante, coop\u00e9rative et&nbsp; solidaire permettant de passer <\/span><\/strong><\/span><span style=\"font-size: 10pt;\"><span style=\"font-family: 'book antiqua', palatino, serif;\"><strong>un excellent moment&nbsp; enfants et adultes m\u00e9lang\u00e9s.&nbsp;&nbsp;<\/strong><\/span><br \/>\n<\/span><\/span><\/h5>\n<h4>&nbsp;<\/h4>\n<h4 style=\"text-align: left;\"><span style=\"color: #92ba61;\"><span style=\"text-decoration: underline; font-size: 10pt;\"><a style=\"color: #92ba61; text-decoration: underline;\" href=\"http:\/\/www.aufildutheatre.com\/new\/wp-content\/uploads\/2018\/11\/Hey-PUM.jpeg\"><img loading=\"lazy\" class=\"wp-image-6960 alignleft\" src=\"http:\/\/www.aufildutheatre.com\/new\/wp-content\/uploads\/2018\/11\/Hey-PUM-300x225.jpeg\" alt=\"\" width=\"168\" height=\"126\" srcset=\"https:\/\/www.aufildutheatre.com\/wp-content\/uploads\/2018\/11\/Hey-PUM-300x225.jpeg 300w, https:\/\/www.aufildutheatre.com\/wp-content\/uploads\/2018\/11\/Hey-PUM-768x576.jpeg 768w, https:\/\/www.aufildutheatre.com\/wp-content\/uploads\/2018\/11\/Hey-PUM-1024x768.jpeg 1024w, https:\/\/www.aufildutheatre.com\/wp-content\/uploads\/2018\/11\/Hey-PUM.jpeg 1600w\" sizes=\"(max-width: 168px) 100vw, 168px\" \/><\/a><\/span><span style=\"font-size: 10pt;\">2\/.&nbsp;<span style=\"text-decoration: underline;\"> POUM ! LE CUBE\/PUM !KUBOA <\/span><\/span><span style=\"font-size: 8pt;\"><strong>(cr\u00e9ation 6 mois\/6 ans) <\/strong><\/span><\/span><\/h4>\n<h5><span style=\"color: #92ba61; font-size: 10pt; font-family: 'book antiqua', palatino, serif;\">Une cr\u00e9ation pour tout petits o\u00f9 les enfants sont \u00e9galement tour \u00e0 tour acteurs ou spectateurs avec une partie plus importante de jeu de la com\u00e9dienne.&nbsp;&nbsp;<\/span><\/h5>\n<h4>&nbsp;<\/h4>\n<p><span style=\"color: #92ba61;\"><span style=\"font-size: 10pt;\"><strong><span style=\"text-decoration: underline;\">3\/. LES 3 GROS MALINS\/ 3 TXERRI BIHURRITXUAK<\/span> &nbsp;<\/strong><\/span><span style=\"font-size: 8pt;\"> (Cr\u00e9ation 1 ans \/ 4\/5 ans ) <\/span><\/span><\/p>\n<p><span style=\"color: #92ba61;\"><span style=\"font-size: 10pt;\"><span style=\"font-family: 'book antiqua', palatino, serif;\"><strong>L&rsquo;histoire des 3 petits cochons revisit\u00e9e avec beaucoup d&rsquo;humour&#8230; <\/strong><\/span><span style=\"font-size: 8pt;\">(cf rubrique FORM &lsquo; Z Anim\u00e9es)<\/span><br \/>\n<\/span><\/span><\/p>\n<p><a href=\"https:\/\/www.aufildutheatre.com\/wp-content\/uploads\/2024\/05\/20240507_182339.jpg\"><img loading=\"lazy\" class=\"alignnone wp-image-8720\" src=\"https:\/\/www.aufildutheatre.com\/wp-content\/uploads\/2024\/05\/20240507_182339-300x229.jpg\" alt=\"\" width=\"168\" height=\"128\" srcset=\"https:\/\/www.aufildutheatre.com\/wp-content\/uploads\/2024\/05\/20240507_182339-300x229.jpg 300w, https:\/\/www.aufildutheatre.com\/wp-content\/uploads\/2024\/05\/20240507_182339-1024x782.jpg 1024w, https:\/\/www.aufildutheatre.com\/wp-content\/uploads\/2024\/05\/20240507_182339-768x587.jpg 768w, https:\/\/www.aufildutheatre.com\/wp-content\/uploads\/2024\/05\/20240507_182339.jpg 1335w\" sizes=\"(max-width: 168px) 100vw, 168px\" \/><\/a><\/p>\n<h4 style=\"text-align: left;\"><span style=\"text-decoration: underline; font-family: 'book antiqua', palatino, serif;\"><span style=\"color: #99cc00;\"><span style=\"font-size: 10pt;\"><strong>4\/ LA CERISE SUR LE GATEAU <span style=\"font-size: 8pt;\">(9 mois\/ 5 ans)<\/span><\/strong><\/span><\/span><\/span><\/h4>\n<h6 style=\"text-align: left;\"><span style=\"color: #99cc00; font-family: 'book antiqua', palatino, serif; font-size: 10pt;\">(cf rubrique&nbsp; Form z&rsquo;Anim\u00e9ees \u00ab\u00a0La cerise sur le g\u00e2teau\u00a0\u00bb)<\/span><\/h6>\n<p><a href=\"https:\/\/www.aufildutheatre.com\/wp-content\/uploads\/2024\/11\/bizkotx-partekatzen-scaled.jpg\"><img loading=\"lazy\" class=\"alignnone size-medium wp-image-8965\" src=\"https:\/\/www.aufildutheatre.com\/wp-content\/uploads\/2024\/11\/bizkotx-partekatzen-300x152.jpg\" alt=\"\" width=\"300\" height=\"152\" srcset=\"https:\/\/www.aufildutheatre.com\/wp-content\/uploads\/2024\/11\/bizkotx-partekatzen-300x152.jpg 300w, https:\/\/www.aufildutheatre.com\/wp-content\/uploads\/2024\/11\/bizkotx-partekatzen-1024x520.jpg 1024w, https:\/\/www.aufildutheatre.com\/wp-content\/uploads\/2024\/11\/bizkotx-partekatzen-768x390.jpg 768w, https:\/\/www.aufildutheatre.com\/wp-content\/uploads\/2024\/11\/bizkotx-partekatzen-1536x779.jpg 1536w, https:\/\/www.aufildutheatre.com\/wp-content\/uploads\/2024\/11\/bizkotx-partekatzen-2048x1039.jpg 2048w\" sizes=\"(max-width: 300px) 100vw, 300px\" \/><\/a><\/p>\n<h4 style=\"text-align: left;\"><span style=\"text-decoration: underline; font-family: 'book antiqua', palatino, serif;\"><span style=\"color: #99cc00;\"><span style=\"font-size: 10pt;\"><strong>5\/ LE JOUR DE LA GAZELLE <\/strong><span style=\"font-size: 8pt;\">(2 \/ 5 ans)<\/span><\/span> <\/span><\/span><\/h4>\n<p><a href=\"https:\/\/www.aufildutheatre.com\/wp-content\/uploads\/2022\/09\/20220818_181133-scaled.jpg\"><img loading=\"lazy\" class=\"alignnone wp-image-7666\" src=\"https:\/\/www.aufildutheatre.com\/wp-content\/uploads\/2022\/09\/20220818_181133-225x300.jpg\" alt=\"\" width=\"97\" height=\"130\" srcset=\"https:\/\/www.aufildutheatre.com\/wp-content\/uploads\/2022\/09\/20220818_181133-225x300.jpg 225w, https:\/\/www.aufildutheatre.com\/wp-content\/uploads\/2022\/09\/20220818_181133-768x1024.jpg 768w, https:\/\/www.aufildutheatre.com\/wp-content\/uploads\/2022\/09\/20220818_181133-1152x1536.jpg 1152w, https:\/\/www.aufildutheatre.com\/wp-content\/uploads\/2022\/09\/20220818_181133-1536x2048.jpg 1536w, https:\/\/www.aufildutheatre.com\/wp-content\/uploads\/2022\/09\/20220818_181133-scaled.jpg 1920w\" sizes=\"(max-width: 97px) 100vw, 97px\" \/> <\/a><a href=\"https:\/\/www.aufildutheatre.com\/wp-content\/uploads\/2022\/09\/20220818_181133-scaled.jpg\">&nbsp;&nbsp;<\/a><a href=\"https:\/\/www.aufildutheatre.com\/wp-content\/uploads\/2022\/08\/20211007_184352-scaled.jpg\"><img loading=\"lazy\" class=\"alignnone wp-image-7602\" src=\"https:\/\/www.aufildutheatre.com\/wp-content\/uploads\/2022\/08\/20211007_184352-300x225.jpg\" alt=\"\" width=\"172\" height=\"129\" srcset=\"https:\/\/www.aufildutheatre.com\/wp-content\/uploads\/2022\/08\/20211007_184352-300x225.jpg 300w, https:\/\/www.aufildutheatre.com\/wp-content\/uploads\/2022\/08\/20211007_184352-1024x768.jpg 1024w, https:\/\/www.aufildutheatre.com\/wp-content\/uploads\/2022\/08\/20211007_184352-768x576.jpg 768w, https:\/\/www.aufildutheatre.com\/wp-content\/uploads\/2022\/08\/20211007_184352-1536x1152.jpg 1536w, https:\/\/www.aufildutheatre.com\/wp-content\/uploads\/2022\/08\/20211007_184352-2048x1536.jpg 2048w\" sizes=\"(max-width: 172px) 100vw, 172px\" \/><\/a><\/p>\n<h5><span style=\"color: #99cc00; font-size: 10pt; font-family: 'book antiqua', palatino, serif;\">Petite animation autour d&rsquo;un album jeunesse: Une&nbsp; gazelle&nbsp; fort rus\u00e9e face aux pr\u00e9dateurs f\u00e9roces de la savane.<\/span><\/h5>\n<h4 style=\"text-align: left;\"><span style=\"color: #99cc00;\"><span style=\"text-decoration: underline;\"><span style=\"font-size: 10pt;\"><span style=\"font-family: 'book antiqua', palatino, serif;\">5\/ATELIERS AUTOUR DU THEATRE ET DE L&rsquo;EXPRES<\/span>SION <\/span><strong><br \/>\n<\/strong><\/span><\/span><\/h4>\n<p style=\"text-align: center;\"><span style=\"color: #92ba61; font-size: 10pt;\"><strong>Malle aux tr\u00e9sors: accessoires, d\u00e9guisements, masques, maquillage&#8230;&nbsp; <\/strong><\/span><\/p>\n<p style=\"text-align: center;\"><span style=\"color: #92ba61; font-size: 10pt;\"><strong><a style=\"color: #92ba61;\" href=\"http:\/\/www.aufildutheatre.com\/new\/wp-content\/uploads\/2012\/04\/e\u0301te\u0301-2008-013-1.jpg\"><img loading=\"lazy\" class=\"aligncenter wp-image-6260\" src=\"http:\/\/www.aufildutheatre.com\/new\/wp-content\/uploads\/2012\/04\/e\u0301te\u0301-2008-013-1-253x300.jpg\" alt=\"ete-2008-013-1\" width=\"120\" height=\"143\"><\/a> <\/strong><\/span><\/p>\n<p style=\"text-align: center;\"><span style=\"color: #92ba61; font-family: 'book antiqua', palatino, serif;\"><span style=\"font-size: 10pt;\"><strong>Les enfants sont invit\u00e9s \u00e0 Jouer avec&nbsp; l&rsquo;espace, la voix chant\u00e9e, chuchot\u00e9e ou parl\u00e9e. C<\/strong><\/span><span style=\"font-size: 10pt;\"><strong>omposer avec leurs gestes,&nbsp; leurs mouvements, leurs \u00e9motions, manipulations de marionnettes&#8230;<\/strong><\/span> <span style=\"font-size: 10pt;\"><strong>pendant que les parents&nbsp; passent un bon moment de leur c\u00f4t\u00e9. <\/strong><\/span><\/span><\/p>\n<p style=\"text-align: center;\"><span style=\"color: #99cc00;\"><strong><span style=\"color: #ebc56c; font-family: 'book antiqua', palatino, serif;\">Tout &#8230;ou presque devient possible dans le monde de l&rsquo;imaginaire !<\/span><br \/>\n<\/strong><\/span><\/p>\n<p><span style=\"text-decoration: underline; color: #92ba61; font-size: 12pt; font-family: 'book antiqua', palatino, serif;\"><strong>4\/&nbsp; REALISATIONS DE MARIONNETTES&nbsp; ADAPTEES AUX COMPETENCES DE L&rsquo;ENFANT&nbsp;<\/strong> <\/span><\/p>\n<p><span style=\"color: #00ccff; font-family: 'book antiqua', palatino, serif;\"><span style=\"font-size: 10pt;\"><span style=\"color: #92ba61;\">Ainez,&nbsp; Malu&nbsp; et Korali toutes les trois tr\u00e8s <\/span><span style=\"color: #ff9900;\">c<\/span>o<span style=\"color: #3366ff;\">m<\/span>p<span style=\"color: #ff9900;\">l<span style=\"color: #ff6600;\">\u00e9<\/span><\/span><span style=\"color: #ffff00;\">m<\/span><span style=\"color: #ff0000;\">e<\/span><span style=\"color: #99cc00;\">n<\/span><span style=\"color: #ff00ff;\">t<\/span><span style=\"color: #f27edf;\">a<\/span>i<span style=\"color: #99cc00;\">r<\/span><span style=\"color: #3366ff;\">e<\/span><span style=\"color: #eded3e;\">s<\/span> <span style=\"color: #92ba61;\">vous proposent d&rsquo;animer ces ateliers: fabrications de&nbsp; masques, marionnettes, pantins,&nbsp; totems, \u00e9pouvantails&#8230;&nbsp; aquarium et ses habitants &#8230;En utilisant diverses techniques d&rsquo;assemblage, collage, modelage, papier m\u00e2ch\u00e9, peinture. Utilisation de mat\u00e9riaux de r\u00e9cup\u00e9ration: cartons, bois, bouteilles, conserves, rafia, tissus, cordes, fil de fer, cailloux&#8230;<\/span><\/span><\/span><\/p>\n<h5 style=\"text-align: center;\"><span style=\"color: #92ba61;\">&nbsp;Proposition d&rsquo;un th\u00e8me en accord avec l&rsquo;organisateur de la f\u00eate. <\/span><\/h5>\n<p style=\"text-align: center;\"><span style=\"color: #70d64b;\"><span style=\"color: #e82a7f;\"><span style=\"color: #3366ff;\"><span style=\"color: #92ba61;\">Chaque enfant repart avec sa cr\u00e9ation.<\/span><a href=\"http:\/\/www.aufildutheatre.com\/new\/wp-content\/uploads\/2012\/04\/P1040633.jpg\"><img loading=\"lazy\" class=\"aligncenter size-medium wp-image-6109\" src=\"http:\/\/www.aufildutheatre.com\/new\/wp-content\/uploads\/2012\/04\/P1040633-300x132.jpg\" alt=\"p1040633\" width=\"300\" height=\"132\" srcset=\"https:\/\/www.aufildutheatre.com\/wp-content\/uploads\/2012\/04\/P1040633-300x132.jpg 300w, https:\/\/www.aufildutheatre.com\/wp-content\/uploads\/2012\/04\/P1040633-768x337.jpg 768w, https:\/\/www.aufildutheatre.com\/wp-content\/uploads\/2012\/04\/P1040633-1024x450.jpg 1024w\" sizes=\"(max-width: 300px) 100vw, 300px\" \/><\/a><\/span><\/span><span style=\"font-size: 10pt; color: #92ba61;\">Choisissez l&rsquo;option pr\u00e9f\u00e9r\u00e9e parlant directement avec nous ! C<\/span><\/span><span style=\"color: #92ba61; font-size: 10pt;\">ontactez nous pour un devis personnalis\u00e9 !<\/span><\/p>\n<p style=\"text-align: center;\"><span style=\"font-size: 10pt;\"><span style=\"color: #99cc00;\"><span style=\"color: #92ba61;\">&nbsp;Pour info, ces<\/span><span style=\"color: #008000;\"> 5&nbsp; modules d&rsquo;animations<\/span> <span style=\"color: #92ba61;\">peuvent se faire dans trois langues &nbsp;fran\u00e7ais, basque ou castillan&#8230; <span style=\"font-size: 12pt;\">Renseignez- vous !&nbsp;<\/span> <\/span><\/span><\/span><\/p>\n<div>\n<ul>\n<li><a href=\"https:\/\/www.aufildutheatre.com\/?page_id=5776\" rel=\"noopener noreferrer\"><span style=\"text-decoration: underline;\"><span style=\"color: #1a4be4; text-decoration: underline;\">Le livre d&rsquo;or du spectacle<\/span><\/span><\/a><\/li>\n<li><a href=\"https:\/\/www.aufildutheatre.com\/?page_id=5775\" target=\"_self\" rel=\"noopener noreferrer\"><span style=\"text-decoration: underline;\"><span style=\"color: #1a4be4; text-decoration: underline;\">Les conditions <\/span><\/span><\/a><\/li>\n<li><a href=\"https:\/\/www.aufildutheatre.com\/?page_id=5774\" target=\"_self\" rel=\"noopener noreferrer\"><span style=\"text-decoration: underline;\"><span style=\"color: #1a4be4; text-decoration: underline;\">Plus de photos ? <\/span><\/span><\/a><\/li>\n<\/ul>\n<p>&nbsp;<\/p>\n<\/div>\n","protected":false},"excerpt":{"rendered":"<p>EVENEMENTiELS&nbsp; : 5 PROPOSITIONS D&rsquo;ANIMATIONS 5 spectacles\/animations (en fran\u00e7ais, basque bilingue ou castillan cf rubriques titres correspondants) pour des enfants de 1 ans \u00e0 7 ans qui s&rsquo;adaptent tr\u00e8s bien \u00e0 des \u00e9v\u00e9nements particuliers tels que des bapt\u00eames, des cousinades,<\/p>\n","protected":false},"author":1,"featured_media":0,"parent":0,"menu_order":0,"comment_status":"closed","ping_status":"closed","template":"","meta":{"ngg_post_thumbnail":0},"_links":{"self":[{"href":"https:\/\/www.aufildutheatre.com\/index.php?rest_route=\/wp\/v2\/pages\/5593"}],"collection":[{"href":"https:\/\/www.aufildutheatre.com\/index.php?rest_route=\/wp\/v2\/pages"}],"about":[{"href":"https:\/\/www.aufildutheatre.com\/index.php?rest_route=\/wp\/v2\/types\/page"}],"author":[{"embeddable":true,"href":"https:\/\/www.aufildutheatre.com\/index.php?rest_route=\/wp\/v2\/users\/1"}],"replies":[{"embeddable":true,"href":"https:\/\/www.aufildutheatre.com\/index.php?rest_route=%2Fwp%2Fv2%2Fcomments&post=5593"}],"version-history":[{"count":33,"href":"https:\/\/www.aufildutheatre.com\/index.php?rest_route=\/wp\/v2\/pages\/5593\/revisions"}],"predecessor-version":[{"id":9072,"href":"https:\/\/www.aufildutheatre.com\/index.php?rest_route=\/wp\/v2\/pages\/5593\/revisions\/9072"}],"wp:attachment":[{"href":"https:\/\/www.aufildutheatre.com\/index.php?rest_route=%2Fwp%2Fv2%2Fmedia&parent=5593"}],"curies":[{"name":"wp","href":"https:\/\/api.w.org\/{rel}","templated":true}]}}