{"id":1807,"date":"2010-02-19T17:45:02","date_gmt":"2010-02-19T16:45:02","guid":{"rendered":"http:\/\/harpie64.wordpress.com\/amstramgram\/livre-dor-amstramgram\/"},"modified":"2024-05-22T14:30:47","modified_gmt":"2024-05-22T13:30:47","slug":"livre-dor-amstramgram","status":"publish","type":"page","link":"https:\/\/www.aufildutheatre.com\/?page_id=1807","title":{"rendered":"Livre d&rsquo;or d&rsquo;Am Stram Gram"},"content":{"rendered":"<h4><span style=\"color: #db5a23;\"><a href=\"http:\/\/www.aufildutheatre.com\/new\/wp-content\/uploads\/2010\/02\/tapis-colori\u00e9.jpg\"><img loading=\"lazy\" class=\"aligncenter size-medium wp-image-4529\" title=\"tapis colori\u00e9\" src=\"http:\/\/www.aufildutheatre.com\/new\/wp-content\/uploads\/2010\/02\/tapis-colori\u00e9-300x179.jpg\" alt=\"\" width=\"300\" height=\"179\" srcset=\"https:\/\/www.aufildutheatre.com\/wp-content\/uploads\/2010\/02\/tapis-colori\u00e9-300x179.jpg 300w, https:\/\/www.aufildutheatre.com\/wp-content\/uploads\/2010\/02\/tapis-colori\u00e9-1024x614.jpg 1024w, https:\/\/www.aufildutheatre.com\/wp-content\/uploads\/2010\/02\/tapis-colori\u00e9.jpg 1134w\" sizes=\"(max-width: 300px) 100vw, 300px\" \/><\/a><br \/>\n<\/span><\/h4>\n<h6><span style=\"font-size: 10pt;\"><strong><span style=\"color: #ff99cc;\"><span style=\"color: #76a88f;\">La premi\u00e8re &nbsp;s\u00e9ance d&rsquo;AM STRAM GRAM, a eut lieu &nbsp;chez un particulier pour un go\u00fbter d&rsquo;Anniversaire d&rsquo;une enfant de 6 ans. Les enfants qui ont particip\u00e9 \u00e0 cette premi\u00e8re repr\u00e9sentation ont trouv\u00e9 la partie trop courte et m&rsquo;ont demand\u00e9 de parcourir deux fois, le tour du plateau de jeu de l&rsquo;oie ! &nbsp;(&#8230;) Je trouvais \u00e7a plut\u00f4t prometteur et encourageant ! <\/span><span style=\"color: #c14429;\">Ainez<\/span><\/span><\/strong><\/span><\/h6>\n<p><strong><span style=\"color: #800000;\"><span style=\"color: #e3b064; font-size: 10pt;\">Spectacle tr\u00e8s agr\u00e9able, les enfants ont beaucoup particip\u00e9. &nbsp;C&rsquo;\u00e9tait la premi\u00e8re avec &nbsp;des tous petits &#8230; Peut \u00eatre que le groupe \u00e9tait trop important ? &nbsp;L&rsquo;attente n&rsquo;\u00e9tait pas toujours facile, mais je suis sure qu&rsquo;Ainez saura y r\u00e9m\u00e9dier. &nbsp;Notre souhait: revoir ce spectacle avec quelques nouveaut\u00e9s&#8230; &nbsp;Merci et \u00e0 l&rsquo;ann\u00e9e prochaine ! <\/span><span style=\"color: #c14429; font-size: 10pt;\">Multi Accueil d&rsquo;Artix (64)<\/span><\/span><\/strong><\/p>\n<p><strong><span style=\"color: #800000;\"><span style=\"color: #db95b8; font-size: 10pt;\">Un spectacle fort original et tr\u00e8s riche en couleurs et en imaginaire. On retrouve avec plaisir, la main po\u00e9tique d&rsquo;Agn\u00e8s dans cette histoire ludique qui a ravi petits et grands.<\/span><span style=\"color: #c14429; font-size: 10pt;\"> Enseignante d&rsquo;Agen (47)<\/span><\/span><\/strong><\/p>\n<p><strong><span style=\"color: #800000;\"><span style=\"color: #c14429;\"><span style=\"color: #008000;\"><a href=\"http:\/\/www.aufildutheatre.com\/new\/wp-content\/uploads\/2010\/02\/pion-yeux-grenouille1.jpg\"><img loading=\"lazy\" class=\"alignleft size-thumbnail wp-image-4775\" title=\"pion yeux grenouille\" src=\"http:\/\/www.aufildutheatre.com\/new\/wp-content\/uploads\/2010\/02\/pion-yeux-grenouille1-150x150.jpg\" alt=\"\" width=\"150\" height=\"150\"><\/a><span style=\"font-size: 10pt; color: #b6c785;\">Ma petite fille a f\u00eat\u00e9 ses 4 ans avec ses petits camarades et nous avions convi\u00e9 la com\u00e9dienne Aines \u00e0 notre petite f\u00eate. Tous les enfants (8 entre 2 ans et demi et 5 ans) ont \u00e9t\u00e9 ravi. Cette id\u00e9e d&rsquo;un spectacle totalement inter-actif est une riche id\u00e9e. Les enfants \u00e9taient tellement emball\u00e9s par ce jeu de l&rsquo;oie g\u00e9ant qu&rsquo;il a fallu faire le tour du plateau deux fois. &nbsp;La case pr\u00e9f\u00e9r\u00e9e restera la case o\u00f9 l&rsquo;on p\u00eache les petits poissons.. Un vrai r\u00e9gal ! Vivement les 5 ans de Louise pour inviter Aines \u00e0 notre petite f\u00eate avec un autre spectacle. Merci. <\/span><\/span><span style=\"color: #808000;\">Domi maman &nbsp;de Louise.<\/span><\/span><\/span><\/strong><\/p>\n<p><strong><span style=\"color: #800000;\"><span style=\"color: #c14429;\"><span style=\"color: #c43a64;\"><span style=\"color: #85a4e6; font-size: 10pt;\">Quelle belle id\u00e9e de mettre &nbsp;les enfants en situation de jeu sur ce magnifique tapis ! &nbsp;Chaque \u00e9quipe joue \u00e0 tour de r\u00f4le, ce qui permet ainsi aux petits acteurs en herbe, d&rsquo;\u00eatre tour \u00e0 tour &nbsp;joueur ou spectateur. L&rsquo;imaginaire dans ce spectacle a sa place d&rsquo;honneur. Quels jolis jeux \u00e0 partir des couleurs ou des mots rencontr\u00e9s. Po\u00e9sie, musique, partage et surtout&#8230;de la &nbsp;joie dans tous les visages &#8230; Vraiment ! Un spectacle tr\u00e8s original. Merci ! <\/span><span style=\"color: #993300; font-size: 10pt;\">Cr\u00e8che de Toulouse (31)<\/span><\/span><\/span><\/span><\/strong><\/p>\n<p><strong><span style=\"color: #800000;\"><span style=\"color: #c14429;\"><span style=\"color: #c43a64;\"><span style=\"color: #993300;\"><span style=\"color: #ffcc00; font-size: 10pt;\">Un bien joli tapis plein de couleurs, de beaux instruments de musique&#8230; Les enfants de la cr\u00e8che ont appr\u00e9ci\u00e9 cette matin\u00e9e r\u00e9cr\u00e9ative o\u00f9 ils ont pu explorer tout ce mat\u00e9riel avec joie et ga\u00eet\u00e9. Merci !<\/span> <span style=\"font-size: 10pt;\">Cr\u00e8che de St &nbsp;Pierre du Mont (40)<\/span> <a href=\"http:\/\/www.aufildutheatre.com\/new\/wp-content\/uploads\/2019\/02\/case-lalalere.jpg\"><img loading=\"lazy\" class=\" wp-image-7148 alignleft\" src=\"http:\/\/www.aufildutheatre.com\/new\/wp-content\/uploads\/2019\/02\/case-lalalere-256x300.jpg\" alt=\"\" width=\"191\" height=\"224\" srcset=\"https:\/\/www.aufildutheatre.com\/wp-content\/uploads\/2019\/02\/case-lalalere-256x300.jpg 256w, https:\/\/www.aufildutheatre.com\/wp-content\/uploads\/2019\/02\/case-lalalere-768x901.jpg 768w, https:\/\/www.aufildutheatre.com\/wp-content\/uploads\/2019\/02\/case-lalalere.jpg 850w\" sizes=\"(max-width: 191px) 100vw, 191px\" \/><\/a><br \/>\n<\/span><\/span><\/span><\/span><\/strong><\/p>\n<p><span style=\"font-size: 10pt;\"><strong><span style=\"color: #800000;\"><span style=\"color: #c14429;\"><span style=\"color: #c43a64;\"><span style=\"color: #ff99cc;\"><span style=\"color: #cf9bb5;\">Tr\u00e8s joli spectacle, ludique, qui attire l&rsquo;oeil. Le d\u00e9cor et les accessoires sont magnifiques et tout \u00e0 fait adapt\u00e9s aux tout-petits. les enfants ont bien particip\u00e9 aux diff\u00e9rents jeux propos\u00e9s et sont rest\u00e9s tr\u00e8s attentifs. Nous avons h\u00e2te de revoir Malou dans un prochain spectacle. Elle nous manque d\u00e9j\u00e0 cette \u00ab\u00a0Milou\u00a0\u00bb. ..Un grand merci \u00e0 la com\u00e9dienne qui nous \u00e9merveille \u00e0 chaque fois. Bonne continuation !<\/span> <span style=\"color: #bd6f96;\">Les enfants et l&rsquo;\u00e9quipe de la Halte Garderie Village des Jeunes et de la petite Enfance d&rsquo;Hagetmau (40)<\/span><\/span><\/span><\/span><\/span><\/strong><\/span><\/p>\n<p><strong><span style=\"color: #800000;\"><span style=\"color: #c14429;\"><span style=\"color: #c43a64;\"><span style=\"color: #ff99cc;\"><span style=\"color: #7aa17a; font-size: 10pt;\">Merci beaucoup pour ce moment pass\u00e9 ensemble. Les enfants \u00e9taient ravis de participer. Il se sont pris au jeu ! Point positif suppl\u00e9mentaire: permettre \u00e0 tous de voir le m\u00eame spectacle en fran\u00e7ais ET en basque !! Milesker! et nous esp\u00e9rons \u00e0 bient\u00f4t ! <\/span><span style=\"color: #99cc00; font-size: 10pt;\">Maternelle Alsace Biarritz (64)<\/span><\/span><\/span><\/span><\/span><\/strong><\/p>\n<p><span style=\"font-size: 10pt;\"><strong><span style=\"color: #ff6600;\">&nbsp;<span style=\"color: #de7171;\">Milesker Ikusgarri\/joko eder horrentzat ! Zinez momentu goxo bat pasa dugu AMSTRAMGRAM en <\/span><\/span><span style=\"color: #ff9900;\">Arrangoitzeko&nbsp; Ama eskola<\/span><\/strong><\/span><\/p>\n<p><span style=\"font-size: 10pt;\"><strong><span style=\"color: #a877a8;\">Milesker handi bat jostatzeko ikusgarri pollit horretzat ! haurrek eta errientxek ainitz preziatu dute eta mementu on bat pasatu dugu denek elgarrekin. Hola segi !<\/span> <span style=\"color: #3366ff;\">Arrangoitzeko eskola CP CE1<\/span><\/strong><\/span><\/p>\n<p><span style=\"font-size: 10pt;\"><strong><span style=\"color: #b6c785;\">Tr\u00e8s joli spectacle bilingue avec beaucoup de couleurs et d&rsquo;imagination pour divertir les enfants. un public parfois un peu inattentif par leur jeune \u00e2ge mais qui ont su s&rsquo;approprier le jeu \u00e0 leur mani\u00e8re. merci pour eux !&nbsp;<\/span> <span style=\"color: #008080;\">Cr\u00e8che Urraska Larresore<\/span><\/strong><\/span><\/p>\n<p><a style=\"text-decoration: none;\" href=\"http:\/\/www.aufildutheatre.com\/new\/?attachment_id=2285\" rel=\"attachment wp-att-2285\"><span style=\"color: #000000;\"><br \/>\n<\/span><img loading=\"lazy\" class=\"aligncenter size-medium wp-image-2285\" style=\"text-decoration: underline;\" title=\"tete de piafs copie\" src=\"http:\/\/harpie64.files.wordpress.com\/2010\/02\/tete-de-piafs-copie1.jpg?w=233\" alt=\"\" width=\"101\" height=\"128\"><\/a><\/p>\n<p>&nbsp;<\/p>\n<div style=\"position: relative; margin-left: 9.5em; height: 250px;\">\n<ul style=\"position: absolute; top: 1em; right: 4em; font-size: 1.3em; color: #6191ba;\">\n<li><a href=\"https:\/\/www.aufildutheatre.com\/?page_id=1807\" target=\"_self\" rel=\"noopener noreferrer\"><span style=\"text-decoration: underline;\"><span style=\"color: #0000ff; text-decoration: underline;\">Le livre d&rsquo;or <\/span><\/span><\/a><\/li>\n<li><a href=\"https:\/\/www.aufildutheatre.com\/?page_id=1795\" target=\"_self\" rel=\"noopener noreferrer\"><span style=\"text-decoration: underline;\"><span style=\"color: #0000ff; text-decoration: underline;\">Les conditions techniques <\/span><\/span><\/a><\/li>\n<li><a href=\"https:\/\/www.aufildutheatre.com\/?page_id=2706\" target=\"_self\" rel=\"noopener noreferrer\"><span style=\"text-decoration: underline;\"><span style=\"color: #0000ff; text-decoration: underline;\">Les tarifs <\/span><\/span><\/a><\/li>\n<li><a href=\"https:\/\/www.aufildutheatre.com\/?page_id=1769\" target=\"_self\" rel=\"noopener noreferrer\"><span style=\"text-decoration: underline;\"><span style=\"color: #0000ff; text-decoration: underline;\">Plus de photos ?<\/span><\/span><\/a><\/li>\n<li><span style=\"text-decoration: underline;\"><span style=\"color: #0000ff; text-decoration: underline;\">Fiche p\u00e9dagogique<\/span><\/span><\/li>\n<\/ul>\n<\/div>\n","protected":false},"excerpt":{"rendered":"<p>La premi\u00e8re &nbsp;s\u00e9ance d&rsquo;AM STRAM GRAM, a eut lieu &nbsp;chez un particulier pour un go\u00fbter d&rsquo;Anniversaire d&rsquo;une enfant de 6 ans. Les enfants qui ont particip\u00e9 \u00e0 cette premi\u00e8re repr\u00e9sentation ont trouv\u00e9 la partie trop courte et m&rsquo;ont demand\u00e9 de<\/p>\n","protected":false},"author":2,"featured_media":0,"parent":176,"menu_order":0,"comment_status":"closed","ping_status":"closed","template":"","meta":{"ngg_post_thumbnail":0},"_links":{"self":[{"href":"https:\/\/www.aufildutheatre.com\/index.php?rest_route=\/wp\/v2\/pages\/1807"}],"collection":[{"href":"https:\/\/www.aufildutheatre.com\/index.php?rest_route=\/wp\/v2\/pages"}],"about":[{"href":"https:\/\/www.aufildutheatre.com\/index.php?rest_route=\/wp\/v2\/types\/page"}],"author":[{"embeddable":true,"href":"https:\/\/www.aufildutheatre.com\/index.php?rest_route=\/wp\/v2\/users\/2"}],"replies":[{"embeddable":true,"href":"https:\/\/www.aufildutheatre.com\/index.php?rest_route=%2Fwp%2Fv2%2Fcomments&post=1807"}],"version-history":[{"count":5,"href":"https:\/\/www.aufildutheatre.com\/index.php?rest_route=\/wp\/v2\/pages\/1807\/revisions"}],"predecessor-version":[{"id":8870,"href":"https:\/\/www.aufildutheatre.com\/index.php?rest_route=\/wp\/v2\/pages\/1807\/revisions\/8870"}],"up":[{"embeddable":true,"href":"https:\/\/www.aufildutheatre.com\/index.php?rest_route=\/wp\/v2\/pages\/176"}],"wp:attachment":[{"href":"https:\/\/www.aufildutheatre.com\/index.php?rest_route=%2Fwp%2Fv2%2Fmedia&parent=1807"}],"curies":[{"name":"wp","href":"https:\/\/api.w.org\/{rel}","templated":true}]}}

<h4><span style="color: #db5a23;"><a href="http://www.aufildutheatre.com/new/wp-content/uploads/2010/02/tapis-colorié.jpg"><img loading="lazy" class="aligncenter size-medium wp-image-4529" title="tapis colorié" src="http://www.aufildutheatre.com/new/wp-content/uploads/2010/02/tapis-colorié-300x179.jpg" alt="" width="300" height="179" srcset="https://www.aufildutheatre.com/wp-content/uploads/2010/02/tapis-colorié-300x179.jpg 300w, https://www.aufildutheatre.com/wp-content/uploads/2010/02/tapis-colorié-1024x614.jpg 1024w, https://www.aufildutheatre.com/wp-content/uploads/2010/02/tapis-colorié.jpg 1134w" sizes="(max-width: 300px) 100vw, 300px" /></a><br />
</span></h4>
<h6><span style="font-size: 10pt;"><strong><span style="color: #ff99cc;"><span style="color: #76a88f;">La première &nbsp;séance d&rsquo;AM STRAM GRAM, a eut lieu &nbsp;chez un particulier pour un goûter d&rsquo;Anniversaire d&rsquo;une enfant de 6 ans. Les enfants qui ont participé à cette première représentation ont trouvé la partie trop courte et m&rsquo;ont demandé de parcourir deux fois, le tour du plateau de jeu de l&rsquo;oie ! &nbsp;(&#8230;) Je trouvais ça plutôt prometteur et encourageant ! </span><span style="color: #c14429;">Ainez</span></span></strong></span></h6>
<p><strong><span style="color: #800000;"><span style="color: #e3b064; font-size: 10pt;">Spectacle très agréable, les enfants ont beaucoup participé. &nbsp;C&rsquo;était la première avec &nbsp;des tous petits &#8230; Peut être que le groupe était trop important ? &nbsp;L&rsquo;attente n&rsquo;était pas toujours facile, mais je suis sure qu&rsquo;Ainez saura y rémédier. &nbsp;Notre souhait: revoir ce spectacle avec quelques nouveautés&#8230; &nbsp;Merci et à l&rsquo;année prochaine ! </span><span style="color: #c14429; font-size: 10pt;">Multi Accueil d&rsquo;Artix (64)</span></span></strong></p>
<p><strong><span style="color: #800000;"><span style="color: #db95b8; font-size: 10pt;">Un spectacle fort original et très riche en couleurs et en imaginaire. On retrouve avec plaisir, la main poétique d&rsquo;Agnès dans cette histoire ludique qui a ravi petits et grands.</span><span style="color: #c14429; font-size: 10pt;"> Enseignante d&rsquo;Agen (47)</span></span></strong></p>
<p><strong><span style="color: #800000;"><span style="color: #c14429;"><span style="color: #008000;"><a href="http://www.aufildutheatre.com/new/wp-content/uploads/2010/02/pion-yeux-grenouille1.jpg"><img loading="lazy" class="alignleft size-thumbnail wp-image-4775" title="pion yeux grenouille" src="http://www.aufildutheatre.com/new/wp-content/uploads/2010/02/pion-yeux-grenouille1-150x150.jpg" alt="" width="150" height="150"></a><span style="font-size: 10pt; color: #b6c785;">Ma petite fille a fêté ses 4 ans avec ses petits camarades et nous avions convié la comédienne Aines à notre petite fête. Tous les enfants (8 entre 2 ans et demi et 5 ans) ont été ravi. Cette idée d&rsquo;un spectacle totalement inter-actif est une riche idée. Les enfants étaient tellement emballés par ce jeu de l&rsquo;oie géant qu&rsquo;il a fallu faire le tour du plateau deux fois. &nbsp;La case préférée restera la case où l&rsquo;on pêche les petits poissons.. Un vrai régal ! Vivement les 5 ans de Louise pour inviter Aines à notre petite fête avec un autre spectacle. Merci. </span></span><span style="color: #808000;">Domi maman &nbsp;de Louise.</span></span></span></strong></p>
<p><strong><span style="color: #800000;"><span style="color: #c14429;"><span style="color: #c43a64;"><span style="color: #85a4e6; font-size: 10pt;">Quelle belle idée de mettre &nbsp;les enfants en situation de jeu sur ce magnifique tapis ! &nbsp;Chaque équipe joue à tour de rôle, ce qui permet ainsi aux petits acteurs en herbe, d&rsquo;être tour à tour &nbsp;joueur ou spectateur. L&rsquo;imaginaire dans ce spectacle a sa place d&rsquo;honneur. Quels jolis jeux à partir des couleurs ou des mots rencontrés. Poésie, musique, partage et surtout&#8230;de la &nbsp;joie dans tous les visages &#8230; Vraiment ! Un spectacle très original. Merci ! </span><span style="color: #993300; font-size: 10pt;">Crèche de Toulouse (31)</span></span></span></span></strong></p>
<p><strong><span style="color: #800000;"><span style="color: #c14429;"><span style="color: #c43a64;"><span style="color: #993300;"><span style="color: #ffcc00; font-size: 10pt;">Un bien joli tapis plein de couleurs, de beaux instruments de musique&#8230; Les enfants de la crèche ont apprécié cette matinée récréative où ils ont pu explorer tout ce matériel avec joie et gaîté. Merci !</span> <span style="font-size: 10pt;">Crèche de St &nbsp;Pierre du Mont (40)</span> <a href="http://www.aufildutheatre.com/new/wp-content/uploads/2019/02/case-lalalere.jpg"><img loading="lazy" class=" wp-image-7148 alignleft" src="http://www.aufildutheatre.com/new/wp-content/uploads/2019/02/case-lalalere-256x300.jpg" alt="" width="191" height="224" srcset="https://www.aufildutheatre.com/wp-content/uploads/2019/02/case-lalalere-256x300.jpg 256w, https://www.aufildutheatre.com/wp-content/uploads/2019/02/case-lalalere-768x901.jpg 768w, https://www.aufildutheatre.com/wp-content/uploads/2019/02/case-lalalere.jpg 850w" sizes="(max-width: 191px) 100vw, 191px" /></a><br />
</span></span></span></span></strong></p>
<p><span style="font-size: 10pt;"><strong><span style="color: #800000;"><span style="color: #c14429;"><span style="color: #c43a64;"><span style="color: #ff99cc;"><span style="color: #cf9bb5;">Très joli spectacle, ludique, qui attire l&rsquo;oeil. Le décor et les accessoires sont magnifiques et tout à fait adaptés aux tout-petits. les enfants ont bien participé aux différents jeux proposés et sont restés très attentifs. Nous avons hâte de revoir Malou dans un prochain spectacle. Elle nous manque déjà cette « Milou ». ..Un grand merci à la comédienne qui nous émerveille à chaque fois. Bonne continuation !</span> <span style="color: #bd6f96;">Les enfants et l&rsquo;équipe de la Halte Garderie Village des Jeunes et de la petite Enfance d&rsquo;Hagetmau (40)</span></span></span></span></span></strong></span></p>
<p><strong><span style="color: #800000;"><span style="color: #c14429;"><span style="color: #c43a64;"><span style="color: #ff99cc;"><span style="color: #7aa17a; font-size: 10pt;">Merci beaucoup pour ce moment passé ensemble. Les enfants étaient ravis de participer. Il se sont pris au jeu ! Point positif supplémentaire: permettre à tous de voir le même spectacle en français ET en basque !! Milesker! et nous espérons à bientôt ! </span><span style="color: #99cc00; font-size: 10pt;">Maternelle Alsace Biarritz (64)</span></span></span></span></span></strong></p>
<p><span style="font-size: 10pt;"><strong><span style="color: #ff6600;">&nbsp;<span style="color: #de7171;">Milesker Ikusgarri/joko eder horrentzat ! Zinez momentu goxo bat pasa dugu AMSTRAMGRAM en </span></span><span style="color: #ff9900;">Arrangoitzeko&nbsp; Ama eskola</span></strong></span></p>
<p><span style="font-size: 10pt;"><strong><span style="color: #a877a8;">Milesker handi bat jostatzeko ikusgarri pollit horretzat ! haurrek eta errientxek ainitz preziatu dute eta mementu on bat pasatu dugu denek elgarrekin. Hola segi !</span> <span style="color: #3366ff;">Arrangoitzeko eskola CP CE1</span></strong></span></p>
<p><span style="font-size: 10pt;"><strong><span style="color: #b6c785;">Très joli spectacle bilingue avec beaucoup de couleurs et d&rsquo;imagination pour divertir les enfants. un public parfois un peu inattentif par leur jeune âge mais qui ont su s&rsquo;approprier le jeu à leur manière. merci pour eux !&nbsp;</span> <span style="color: #008080;">Crèche Urraska Larresore</span></strong></span></p>
<p><a style="text-decoration: none;" href="http://www.aufildutheatre.com/new/?attachment_id=2285" rel="attachment wp-att-2285"><span style="color: #000000;"><br />
</span><img loading="lazy" class="aligncenter size-medium wp-image-2285" style="text-decoration: underline;" title="tete de piafs copie" src="http://harpie64.files.wordpress.com/2010/02/tete-de-piafs-copie1.jpg?w=233" alt="" width="101" height="128"></a></p>
<p>&nbsp;</p>
<div style="position: relative; margin-left: 9.5em; height: 250px;">
<ul style="position: absolute; top: 1em; right: 4em; font-size: 1.3em; color: #6191ba;">
<li><a href="https://www.aufildutheatre.com/?page_id=1807" target="_self" rel="noopener noreferrer"><span style="text-decoration: underline;"><span style="color: #0000ff; text-decoration: underline;">Le livre d&rsquo;or </span></span></a></li>
<li><a href="https://www.aufildutheatre.com/?page_id=1795" target="_self" rel="noopener noreferrer"><span style="text-decoration: underline;"><span style="color: #0000ff; text-decoration: underline;">Les conditions techniques </span></span></a></li>
<li><a href="https://www.aufildutheatre.com/?page_id=2706" target="_self" rel="noopener noreferrer"><span style="text-decoration: underline;"><span style="color: #0000ff; text-decoration: underline;">Les tarifs </span></span></a></li>
<li><a href="https://www.aufildutheatre.com/?page_id=1769" target="_self" rel="noopener noreferrer"><span style="text-decoration: underline;"><span style="color: #0000ff; text-decoration: underline;">Plus de photos ?</span></span></a></li>
<li><span style="text-decoration: underline;"><span style="color: #0000ff; text-decoration: underline;">Fiche pédagogique</span></span></li>
</ul>
</div>

<p>La première &nbsp;séance d&rsquo;AM STRAM GRAM, a eut lieu &nbsp;chez un particulier pour un goûter d&rsquo;Anniversaire d&rsquo;une enfant de 6 ans. Les enfants qui ont participé à cette première représentation ont trouvé la partie trop courte et m&rsquo;ont demandé de</p>
