{"id":1803,"date":"2010-02-19T17:42:46","date_gmt":"2010-02-19T16:42:46","guid":{"rendered":"http:\/\/harpie64.wordpress.com\/francais\/livre-dor-malou\/"},"modified":"2022-11-13T18:22:39","modified_gmt":"2022-11-13T17:22:39","slug":"livre-dor-malou","status":"publish","type":"page","link":"https:\/\/www.aufildutheatre.com\/?page_id=1803","title":{"rendered":"livre d&rsquo;or de \u00ab\u00a0\u00e0 toi de jouer, Malou\u00a0\u00bb"},"content":{"rendered":"<p><a href=\"http:\/\/www.aufildutheatre.com\/new\/?attachment_id=2033\" rel=\"attachment wp-att-2033\"><img loading=\"lazy\" class=\"aligncenter size-medium wp-image-2033\" title=\"livre or et rouge\" src=\"http:\/\/www.aufildutheatre.com\/new\/wp-content\/uploads\/2010\/03\/livre-or-et-rougeleger.jpg?w=400\" alt=\"\" width=\"400\" height=\"289\"><\/a><\/p>\n<p><strong><span style=\"font-weight: normal;\"><span style=\"color: #ff9900;\"><a href=\"http:\/\/www.aufildutheatre.com\/new\/?attachment_id=1928\" rel=\"attachment wp-att-1928\"><img loading=\"lazy\" class=\"alignleft size-thumbnail wp-image-1928\" title=\"la chambre souris r\u00e9duit\" src=\"http:\/\/www.aufildutheatre.com\/new\/wp-content\/uploads\/2010\/02\/la-chambre-souris-reduit-e1269939235113.jpg?w=178\" alt=\"\" width=\"178\" height=\"150\"><\/a> <\/span><\/span><\/strong><span style=\"font-weight: normal;\"><span style=\"color: #ff9900;\"> Spectacle magique, plein de po\u00e9sie, lumineux, beaucoup de cr\u00e9ativit\u00e9s au niveau du d\u00e9cor et des marionnettes. L\u2019histoire est proche du v\u00e9cu des enfants. Merci beaucoup pour ces minutes d\u2019enchantements. <\/span><\/span><span style=\"color: #ff9900;\"> <span style=\"color: #f4b58e;\">Asso. Accords&nbsp; CAMBO LES BAINS 64.<\/span><\/span><\/p>\n<p><strong><span style=\"font-weight: normal;\"><span style=\"color: #ffcc00;\">Belle <strong>mise<\/strong> en sc\u00e8ne pour ce spectacle po\u00e9tique. Le rappel de l\u2019histoire de Tibili que les enfants connaissent \u00e0 exploiter en classe<\/span><\/span><span style=\"color: #ffcc00;\">.&nbsp;<span style=\"color: #ffff99;\">Maternelle TIVOLI&nbsp; ANGLET 64.<\/span><\/span><\/strong><\/p>\n<p><span style=\"color: #eabb00;\">Tr\u00e8s joli spectacle qui a su captiver l\u2019attention des grands et des petits\u2026 Une histoire sensible et tendre\u2026&nbsp; Vivement la suite&nbsp;! <\/span><span style=\"color: #eabb00;\"><span style=\"color: #c5d04d;\">J<\/span><span style=\"color: #c5d04d;\">ulie&nbsp; Eyhartzea HAZPARNE 64<\/span><\/span><span style=\"color: #c5d04d;\">.<\/span><\/p>\n<p><strong><span style=\"font-weight: normal;\"><span style=\"color: #e2831d;\"><strong>Les enfants ont \u00e9t\u00e9 captiv\u00e9s par cette belle histoire avec des d\u00e9cors tr\u00e8s jolis. L\u2019histoire est proche du v\u00e9cu des enfants et les marion-nettes sont tr\u00e8s r\u00e9alistes et expressives. Merci pour ce joli moment.<\/strong> <\/span><\/span><span style=\"font-weight: normal;\"><strong> <span style=\"color: #ffcc99;\">Maternelle jean jaur\u00e8s ANGLET 64.<\/span><\/strong><\/span><\/strong><\/p>\n<p><span style=\"color: #ff6600;\">Tr\u00e8s beau spectacle&nbsp;! Tr\u00e8s belle composition musicale&nbsp;!&nbsp;D\u00e9cor po\u00e9tique, <a href=\"http:\/\/www.aufildutheatre.com\/new\/?attachment_id=1927\" rel=\"attachment wp-att-1927\"><img loading=\"lazy\" class=\"alignright size-thumbnail wp-image-1927\" title=\"sagua r\u00e9duits\" src=\"http:\/\/www.aufildutheatre.com\/new\/wp-content\/uploads\/2010\/03\/sagua.jpg?w=137\" alt=\"\" width=\"137\" height=\"150\"><\/a><br \/>\n<\/span><\/p>\n<p><span style=\"color: #ff6600;\">une histoire qui parle vraiment aux enfants.&nbsp;Ce spectacle ouvre le d\u00e9bat sur l\u2019angoisse de l\u2019\u00e9cole et permet de parler en classe de ce&nbsp; \u00absoucis\u00bb&nbsp; si fr\u00e9quent chez les enfants<\/span><strong><span style=\"color: #ff6600;\">.<\/span><\/strong><strong><span style=\"color: #ff6600;\"> <span style=\"color: #e38a44;\"><span style=\"color: #ff9900;\">Maternelle J. Larrebat ANGLET 64.<\/span> <\/span><\/span><\/strong><\/p>\n<p><span style=\"color: #bd414e;\"> Spectacle po\u00e9tique et tendre. Txomin le papa de Malou a beaucoup de qualit\u00e9s! Les enfants ont aim\u00e9s cette histoire proche de leur v\u00e9cu <\/span><strong><span style=\"color: #9e6172;\">Matrenelle Camiade ANGLET 64.<\/span><\/strong><\/p>\n<p><strong><span style=\"color: #ffcc00;\"><span style=\"font-weight: normal;\">T<\/span><\/span><span style=\"color: #ffcc00;\"><span style=\"font-weight: normal;\">r\u00e8s beau spectacle&nbsp;! Beau th\u00e8me. Tr\u00e8s beau \u00e0 d\u00e9couvrir, puis tr\u00e8s beau \u00e0 voir. Enfants de 1 et 2 ans tr\u00e8s heureux. Un grand Merci&nbsp;!<\/span> <span style=\"color: #c26f3c;\">Cr\u00e8che Estella BIARRITZ 64<\/span><\/span><\/strong><\/p>\n<p><strong><span style=\"font-weight: normal;\"><span style=\"color: #ee3d11;\">\u00ab Il \u00e9tait une fois dans une ville tranquille une petite fille qui dormait. Elle r\u00eavait de l\u2019\u00e9cole. Maman ! j\u2019ai fait un cauchemar ! j\u2019ai peur d\u2019aller \u00e0 l\u2019\u00e9cole. La maman de Malou lui lit une livre qui parle de l\u2019\u00e9cole. Malou r\u00eave qu\u2019elle vole dans le ciel pour aller \u00e0 l\u2019\u00e9cole. Le ma\u00eetre la punit parce qu\u2019elle ne sait pas lire. La grenouille se moque de Malou parce que le maitre l\u2019a punit. Malou r\u00eave qu\u2019elle lit des lettres dans le ciel. Maintenant Malou veut aller \u00e0 l\u2019\u00e9cole pour apprendre \u00e0 lire et \u00e0 compter. \u00bb&nbsp; Extraits d\u2019un livre de dessins offert \u00e0 la com\u00e9dienne<\/span><\/span><span style=\"color: #ee3d11;\">. <span style=\"color: #d42a42;\">Classe de CP ED Herriot ANGLET &nbsp;64<\/span><\/span><\/strong><\/p>\n<p><strong><span style=\"color: #ee3d11;\"><span style=\"color: #ed944e;\"><span style=\"font-weight: normal;\">A Toi de jouer Malou&#8230; tr\u00e8s beau spectacle, le soucis du d\u00e9tail. &nbsp;Belle mise en sc\u00e8ne. Bravo! C&rsquo;est toujours avec plaisir que l&rsquo;on d\u00e9couvre les personnages de la Cie Au fil du Th\u00e9\u00e2tre&#8230;<\/span> <span style=\"color: #c26f3c;\">Service Petite Enfance de la Communaut\u00e9 de &nbsp;CASTETS 40<\/span><\/span><\/span><\/strong><\/p>\n<p><span style=\"color: #3366ff;\"><span style=\"color: #2969c1;\">Spectacle tr\u00e8s po\u00e9tique !&nbsp;Beaucoup de couleurs ! <\/span><span style=\"color: #2969c1;\">Y aura t-il une suite aux aventures de Malou ?<\/span><strong> <span style=\"color: #3484f2;\">Ecole maternelle du Reptou \u00e0 Biarritz <\/span><\/strong><\/span><\/p>\n<p><span style=\"color: #3366ff;\"><span style=\"color: #c26f3c;\"><span style=\"color: #99cc00;\">Un spectacle tr\u00e8s riche en couleurs, sc\u00e9nettes magiques. Voici un tr\u00e8s joli moment d&rsquo;\u00e9vasions entre parents et enfants.<\/span><\/span><strong><span style=\"color: #c26f3c;\"> <span style=\"color: #57971f;\">Atelier Parent enfant Association A petits pas&nbsp; PAU 64<br \/>\n<\/span><\/span><\/strong><\/span><\/p>\n<p><span style=\"color: #3366ff;\"><span style=\"color: #c26f3c;\"><span style=\"color: #dc7f22;\">Nous avons choisi de voir ce spectacle en d\u00e9but d&rsquo;ann\u00e9e afin d&rsquo;aborder avec les enfants de l&rsquo;\u00e9cole les craintes qu&rsquo;ils pouvaient rencontrer avec la rentr\u00e9e des <\/span><\/span><span style=\"color: #c26f3c;\"><span style=\"color: #dc7f22;\">classes. Nous avons aussi invit\u00e9 les \u00e9l\u00e8ves du CP pour qui la rentr\u00e9e \u00e0 la \u00ab\u00a0grande \u00e9cole\u00a0\u00bb est aussi source de stress&#8230;le spectacle a permis d&rsquo;aborder le th\u00e8me de la rentr\u00e9e autour d&rsquo;un a v\u00e9cu collectif &nbsp;et d&rsquo;un support nouveau (en compl\u00e9ment d&rsquo;albums). Merci pour ce spectacle de qualit\u00e9 .<\/span><\/span><strong><span style=\"color: #c26f3c;\"><span style=\"color: #dc7f22;\"> <span style=\"color: #ff6600;\">Maternelle Les pr\u00e8s LESCAR (64)<\/span><\/span><\/span><\/strong><\/span><\/p>\n<p><a href=\"http:\/\/www.aufildutheatre.com\/new\/?attachment_id=2285\" rel=\"attachment wp-att-2285\"><img loading=\"lazy\" class=\"aligncenter size-medium wp-image-2285\" style=\"clear: both; padding-top: 2em;\" title=\"tete de piafs copie\" src=\"http:\/\/www.aufildutheatre.com\/new\/wp-content\/uploads\/2010\/01\/tete-de-piafs-copie.jpg?w=233\" alt=\"\" width=\"91\" height=\"115\"><\/a><\/p>\n<div style=\"position: relative; margin-left: 9.5em; height: 250px;\">\n<p><a href=\"http:\/\/www.aufildutheatre.com\/new\/wp-content\/uploads\/2019\/03\/malou-web1.jpg\"><img loading=\"lazy\" class=\"alignleft size-thumbnail wp-image-7209\" src=\"http:\/\/www.aufildutheatre.com\/new\/wp-content\/uploads\/2019\/03\/malou-web1-150x150.jpg\" alt=\"\" width=\"150\" height=\"150\" srcset=\"https:\/\/www.aufildutheatre.com\/wp-content\/uploads\/2019\/03\/malou-web1-150x150.jpg 150w, https:\/\/www.aufildutheatre.com\/wp-content\/uploads\/2019\/03\/malou-web1-300x300.jpg 300w, https:\/\/www.aufildutheatre.com\/wp-content\/uploads\/2019\/03\/malou-web1-768x768.jpg 768w, https:\/\/www.aufildutheatre.com\/wp-content\/uploads\/2019\/03\/malou-web1-1024x1024.jpg 1024w, https:\/\/www.aufildutheatre.com\/wp-content\/uploads\/2019\/03\/malou-web1-270x270.jpg 270w, https:\/\/www.aufildutheatre.com\/wp-content\/uploads\/2019\/03\/malou-web1-230x230.jpg 230w, https:\/\/www.aufildutheatre.com\/wp-content\/uploads\/2019\/03\/malou-web1.jpg 1713w\" sizes=\"(max-width: 150px) 100vw, 150px\" \/><\/a><\/p>\n<ul style=\"position: absolute; top: 1em; right: 4em; font-size: 1.3em; color: #6191ba;\">\n<li><a href=\"https:\/\/www.aufildutheatre.com\/?page_id=1803\" target=\"_self\" rel=\"noopener noreferrer\"><span style=\"text-decoration: underline;\"><span style=\"color: #0000ff; text-decoration: underline;\">Le livre d&rsquo;or <\/span><\/span><\/a><\/li>\n<li><a href=\"https:\/\/www.aufildutheatre.com\/?page_id=1792\" target=\"_self\" rel=\"noopener noreferrer\"><span style=\"text-decoration: underline;\"><span style=\"color: #0000ff; text-decoration: underline;\">Les conditions techniques <\/span><\/span><\/a><\/li>\n<li><a href=\"https:\/\/www.aufildutheatre.com\/?page_id=2702\" target=\"_self\" rel=\"noopener noreferrer\"><span style=\"text-decoration: underline;\"><span style=\"color: #0000ff; text-decoration: underline;\">Les tarifs <\/span><\/span><\/a><\/li>\n<li><a href=\"https:\/\/www.aufildutheatre.com\/?page_id=473\" target=\"_self\" rel=\"noopener noreferrer\"><span style=\"text-decoration: underline;\"><span style=\"color: #0000ff; text-decoration: underline;\">Plus de photos ?<\/span><\/span><\/a><\/li>\n<li><span style=\"text-decoration: underline;\"><span style=\"color: #0000ff; text-decoration: underline;\">Fiche p\u00e9dagogique<\/span><\/span><\/li>\n<\/ul>\n<\/div>\n","protected":false},"excerpt":{"rendered":"<p>Spectacle magique, plein de po\u00e9sie, lumineux, beaucoup de cr\u00e9ativit\u00e9s au niveau du d\u00e9cor et des marionnettes. L\u2019histoire est proche du v\u00e9cu des enfants. Merci beaucoup pour ces minutes d\u2019enchantements. Asso. Accords&nbsp; CAMBO LES BAINS 64. Belle mise en sc\u00e8ne pour<\/p>\n","protected":false},"author":2,"featured_media":0,"parent":126,"menu_order":0,"comment_status":"closed","ping_status":"closed","template":"","meta":{"ngg_post_thumbnail":0},"_links":{"self":[{"href":"https:\/\/www.aufildutheatre.com\/index.php?rest_route=\/wp\/v2\/pages\/1803"}],"collection":[{"href":"https:\/\/www.aufildutheatre.com\/index.php?rest_route=\/wp\/v2\/pages"}],"about":[{"href":"https:\/\/www.aufildutheatre.com\/index.php?rest_route=\/wp\/v2\/types\/page"}],"author":[{"embeddable":true,"href":"https:\/\/www.aufildutheatre.com\/index.php?rest_route=\/wp\/v2\/users\/2"}],"replies":[{"embeddable":true,"href":"https:\/\/www.aufildutheatre.com\/index.php?rest_route=%2Fwp%2Fv2%2Fcomments&post=1803"}],"version-history":[{"count":2,"href":"https:\/\/www.aufildutheatre.com\/index.php?rest_route=\/wp\/v2\/pages\/1803\/revisions"}],"predecessor-version":[{"id":8066,"href":"https:\/\/www.aufildutheatre.com\/index.php?rest_route=\/wp\/v2\/pages\/1803\/revisions\/8066"}],"up":[{"embeddable":true,"href":"https:\/\/www.aufildutheatre.com\/index.php?rest_route=\/wp\/v2\/pages\/126"}],"wp:attachment":[{"href":"https:\/\/www.aufildutheatre.com\/index.php?rest_route=%2Fwp%2Fv2%2Fmedia&parent=1803"}],"curies":[{"name":"wp","href":"https:\/\/api.w.org\/{rel}","templated":true}]}}

livre d&rsquo;or de « à toi de jouer, Malou »

<p><a href="http://www.aufildutheatre.com/new/?attachment_id=2033" rel="attachment wp-att-2033"><img loading="lazy" class="aligncenter size-medium wp-image-2033" title="livre or et rouge" src="http://www.aufildutheatre.com/new/wp-content/uploads/2010/03/livre-or-et-rougeleger.jpg?w=400" alt="" width="400" height="289"></a></p>
<p><strong><span style="font-weight: normal;"><span style="color: #ff9900;"><a href="http://www.aufildutheatre.com/new/?attachment_id=1928" rel="attachment wp-att-1928"><img loading="lazy" class="alignleft size-thumbnail wp-image-1928" title="la chambre souris réduit" src="http://www.aufildutheatre.com/new/wp-content/uploads/2010/02/la-chambre-souris-reduit-e1269939235113.jpg?w=178" alt="" width="178" height="150"></a> </span></span></strong><span style="font-weight: normal;"><span style="color: #ff9900;"> Spectacle magique, plein de poésie, lumineux, beaucoup de créativités au niveau du décor et des marionnettes. L’histoire est proche du vécu des enfants. Merci beaucoup pour ces minutes d’enchantements. </span></span><span style="color: #ff9900;"> <span style="color: #f4b58e;">Asso. Accords&nbsp; CAMBO LES BAINS 64.</span></span></p>
<p><strong><span style="font-weight: normal;"><span style="color: #ffcc00;">Belle <strong>mise</strong> en scène pour ce spectacle poétique. Le rappel de l’histoire de Tibili que les enfants connaissent à exploiter en classe</span></span><span style="color: #ffcc00;">.&nbsp;<span style="color: #ffff99;">Maternelle TIVOLI&nbsp; ANGLET 64.</span></span></strong></p>
<p><span style="color: #eabb00;">Très joli spectacle qui a su captiver l’attention des grands et des petits… Une histoire sensible et tendre…&nbsp; Vivement la suite&nbsp;! </span><span style="color: #eabb00;"><span style="color: #c5d04d;">J</span><span style="color: #c5d04d;">ulie&nbsp; Eyhartzea HAZPARNE 64</span></span><span style="color: #c5d04d;">.</span></p>
<p><strong><span style="font-weight: normal;"><span style="color: #e2831d;"><strong>Les enfants ont été captivés par cette belle histoire avec des décors très jolis. L’histoire est proche du vécu des enfants et les marion-nettes sont très réalistes et expressives. Merci pour ce joli moment.</strong> </span></span><span style="font-weight: normal;"><strong> <span style="color: #ffcc99;">Maternelle jean jaurès ANGLET 64.</span></strong></span></strong></p>
<p><span style="color: #ff6600;">Très beau spectacle&nbsp;! Très belle composition musicale&nbsp;!&nbsp;Décor poétique, <a href="http://www.aufildutheatre.com/new/?attachment_id=1927" rel="attachment wp-att-1927"><img loading="lazy" class="alignright size-thumbnail wp-image-1927" title="sagua réduits" src="http://www.aufildutheatre.com/new/wp-content/uploads/2010/03/sagua.jpg?w=137" alt="" width="137" height="150"></a><br />
</span></p>
<p><span style="color: #ff6600;">une histoire qui parle vraiment aux enfants.&nbsp;Ce spectacle ouvre le débat sur l’angoisse de l’école et permet de parler en classe de ce&nbsp; «soucis»&nbsp; si fréquent chez les enfants</span><strong><span style="color: #ff6600;">.</span></strong><strong><span style="color: #ff6600;"> <span style="color: #e38a44;"><span style="color: #ff9900;">Maternelle J. Larrebat ANGLET 64.</span> </span></span></strong></p>
<p><span style="color: #bd414e;"> Spectacle poétique et tendre. Txomin le papa de Malou a beaucoup de qualités! Les enfants ont aimés cette histoire proche de leur vécu </span><strong><span style="color: #9e6172;">Matrenelle Camiade ANGLET 64.</span></strong></p>
<p><strong><span style="color: #ffcc00;"><span style="font-weight: normal;">T</span></span><span style="color: #ffcc00;"><span style="font-weight: normal;">rès beau spectacle&nbsp;! Beau thème. Très beau à découvrir, puis très beau à voir. Enfants de 1 et 2 ans très heureux. Un grand Merci&nbsp;!</span> <span style="color: #c26f3c;">Crèche Estella BIARRITZ 64</span></span></strong></p>
<p><strong><span style="font-weight: normal;"><span style="color: #ee3d11;">« Il était une fois dans une ville tranquille une petite fille qui dormait. Elle rêvait de l’école. Maman ! j’ai fait un cauchemar ! j’ai peur d’aller à l’école. La maman de Malou lui lit une livre qui parle de l’école. Malou rêve qu’elle vole dans le ciel pour aller à l’école. Le maître la punit parce qu’elle ne sait pas lire. La grenouille se moque de Malou parce que le maitre l’a punit. Malou rêve qu’elle lit des lettres dans le ciel. Maintenant Malou veut aller à l’école pour apprendre à lire et à compter. »&nbsp; Extraits d’un livre de dessins offert à la comédienne</span></span><span style="color: #ee3d11;">. <span style="color: #d42a42;">Classe de CP ED Herriot ANGLET &nbsp;64</span></span></strong></p>
<p><strong><span style="color: #ee3d11;"><span style="color: #ed944e;"><span style="font-weight: normal;">A Toi de jouer Malou&#8230; très beau spectacle, le soucis du détail. &nbsp;Belle mise en scène. Bravo! C&rsquo;est toujours avec plaisir que l&rsquo;on découvre les personnages de la Cie Au fil du Théâtre&#8230;</span> <span style="color: #c26f3c;">Service Petite Enfance de la Communauté de &nbsp;CASTETS 40</span></span></span></strong></p>
<p><span style="color: #3366ff;"><span style="color: #2969c1;">Spectacle très poétique !&nbsp;Beaucoup de couleurs ! </span><span style="color: #2969c1;">Y aura t-il une suite aux aventures de Malou ?</span><strong> <span style="color: #3484f2;">Ecole maternelle du Reptou à Biarritz </span></strong></span></p>
<p><span style="color: #3366ff;"><span style="color: #c26f3c;"><span style="color: #99cc00;">Un spectacle très riche en couleurs, scénettes magiques. Voici un très joli moment d&rsquo;évasions entre parents et enfants.</span></span><strong><span style="color: #c26f3c;"> <span style="color: #57971f;">Atelier Parent enfant Association A petits pas&nbsp; PAU 64<br />
</span></span></strong></span></p>
<p><span style="color: #3366ff;"><span style="color: #c26f3c;"><span style="color: #dc7f22;">Nous avons choisi de voir ce spectacle en début d&rsquo;année afin d&rsquo;aborder avec les enfants de l&rsquo;école les craintes qu&rsquo;ils pouvaient rencontrer avec la rentrée des </span></span><span style="color: #c26f3c;"><span style="color: #dc7f22;">classes. Nous avons aussi invité les élèves du CP pour qui la rentrée à la « grande école » est aussi source de stress&#8230;le spectacle a permis d&rsquo;aborder le thème de la rentrée autour d&rsquo;un a vécu collectif &nbsp;et d&rsquo;un support nouveau (en complément d&rsquo;albums). Merci pour ce spectacle de qualité .</span></span><strong><span style="color: #c26f3c;"><span style="color: #dc7f22;"> <span style="color: #ff6600;">Maternelle Les près LESCAR (64)</span></span></span></strong></span></p>
<p><a href="http://www.aufildutheatre.com/new/?attachment_id=2285" rel="attachment wp-att-2285"><img loading="lazy" class="aligncenter size-medium wp-image-2285" style="clear: both; padding-top: 2em;" title="tete de piafs copie" src="http://www.aufildutheatre.com/new/wp-content/uploads/2010/01/tete-de-piafs-copie.jpg?w=233" alt="" width="91" height="115"></a></p>
<div style="position: relative; margin-left: 9.5em; height: 250px;">
<p><a href="http://www.aufildutheatre.com/new/wp-content/uploads/2019/03/malou-web1.jpg"><img loading="lazy" class="alignleft size-thumbnail wp-image-7209" src="http://www.aufildutheatre.com/new/wp-content/uploads/2019/03/malou-web1-150x150.jpg" alt="" width="150" height="150" srcset="https://www.aufildutheatre.com/wp-content/uploads/2019/03/malou-web1-150x150.jpg 150w, https://www.aufildutheatre.com/wp-content/uploads/2019/03/malou-web1-300x300.jpg 300w, https://www.aufildutheatre.com/wp-content/uploads/2019/03/malou-web1-768x768.jpg 768w, https://www.aufildutheatre.com/wp-content/uploads/2019/03/malou-web1-1024x1024.jpg 1024w, https://www.aufildutheatre.com/wp-content/uploads/2019/03/malou-web1-270x270.jpg 270w, https://www.aufildutheatre.com/wp-content/uploads/2019/03/malou-web1-230x230.jpg 230w, https://www.aufildutheatre.com/wp-content/uploads/2019/03/malou-web1.jpg 1713w" sizes="(max-width: 150px) 100vw, 150px" /></a></p>
<ul style="position: absolute; top: 1em; right: 4em; font-size: 1.3em; color: #6191ba;">
<li><a href="https://www.aufildutheatre.com/?page_id=1803" target="_self" rel="noopener noreferrer"><span style="text-decoration: underline;"><span style="color: #0000ff; text-decoration: underline;">Le livre d&rsquo;or </span></span></a></li>
<li><a href="https://www.aufildutheatre.com/?page_id=1792" target="_self" rel="noopener noreferrer"><span style="text-decoration: underline;"><span style="color: #0000ff; text-decoration: underline;">Les conditions techniques </span></span></a></li>
<li><a href="https://www.aufildutheatre.com/?page_id=2702" target="_self" rel="noopener noreferrer"><span style="text-decoration: underline;"><span style="color: #0000ff; text-decoration: underline;">Les tarifs </span></span></a></li>
<li><a href="https://www.aufildutheatre.com/?page_id=473" target="_self" rel="noopener noreferrer"><span style="text-decoration: underline;"><span style="color: #0000ff; text-decoration: underline;">Plus de photos ?</span></span></a></li>
<li><span style="text-decoration: underline;"><span style="color: #0000ff; text-decoration: underline;">Fiche pédagogique</span></span></li>
</ul>
</div>

<p>Spectacle magique, plein de poésie, lumineux, beaucoup de créativités au niveau du décor et des marionnettes. L’histoire est proche du vécu des enfants. Merci beaucoup pour ces minutes d’enchantements. Asso. Accords&nbsp; CAMBO LES BAINS 64. Belle mise en scène pour</p>
