{"id":1795,"date":"2010-02-19T17:19:34","date_gmt":"2010-02-19T16:19:34","guid":{"rendered":"http:\/\/harpie64.wordpress.com\/aamstramgram\/cond-techn-amstrmgrm\/"},"modified":"2022-11-13T18:52:50","modified_gmt":"2022-11-13T17:52:50","slug":"cond-techn-amstrmgrm","status":"publish","type":"page","link":"https:\/\/www.aufildutheatre.com\/?page_id=1795","title":{"rendered":"Conditions techniques Amstramgram"},"content":{"rendered":"<p style=\"text-align: center;\"><a style=\"text-decoration: none;\" href=\"http:\/\/harpie64.files.wordpress.com\/2010\/02\/fiche-technique-asg-poules.jpg\"><span style=\"color: #000000;\"><span style=\"color: #99cc00;\">Ce spectacle est adapt\u00e9 pour des enfants de 12\/15 mois \u00e0 7 ans&#8230; les plus grands aidant les plus jeune&#8230;<\/span><br \/>\n<\/span><\/a><\/p>\n<p><a href=\"http:\/\/harpie64.files.wordpress.com\/2010\/02\/verso-cond-techniq-carres.jpg\"><img loading=\"lazy\" class=\"aligncenter size-full wp-image-3180\" title=\"Verso cond techniq carres\" src=\"http:\/\/www.aufildutheatre.com\/new\/wp-content\/uploads\/2010\/03\/ASG-fr-cond-techniq-carres.jpg\" alt=\"\" width=\"496\" height=\"496\"><\/a><\/p>\n<h3 style=\"margin-top: 2em; text-align: right; margin-bottom: 2em; font-size: 1.3em;\"><strong><span style=\"color: #f581a7;\">T\u00e9l\u00e9charger <a href=\"http:\/\/www.aufildutheatre.com\/new\/wp-content\/uploads\/2010\/03\/ASG-fr.pdf\" target=\"_blank\" rel=\"noopener noreferrer\"> <span style=\"text-decoration: underline; color: #1a4be4;\">ici <\/span><\/a><span style=\"color: #f581a7;\">le document en pdf<\/span><\/span><\/strong><\/h3>\n<p><a href=\"http:\/\/www.aufildutheatre.com\/new\/?attachment_id=2285\" rel=\"attachment wp-att-2285\"><img loading=\"lazy\" class=\"aligncenter size-medium wp-image-2285\" title=\"tete de piafs copie\" src=\"http:\/\/harpie64.files.wordpress.com\/2010\/02\/tete-de-piafs-copie1.jpg?w=233\" alt=\"\" width=\"101\" height=\"128\"><\/a><\/p>\n<div style=\"position: relative; margin-left: 9.5em; height: 250px;\">\n<ul style=\"position: absolute; top: 1em; right: 4em; font-size: 1.3em; color: #6191ba;\">\n<li><a href=\"http:\/\/www.aufildutheatre.com\/?page_id=1807\" target=\"_self\" rel=\"noopener noreferrer\"><span style=\"text-decoration: underline;\"><span style=\"color: #0000ff; text-decoration: underline;\">Le livre d&rsquo;or <\/span><\/span><\/a><\/li>\n<li><a href=\"http:\/\/www.aufildutheatre.com\/?page_id=1795\" target=\"_self\" rel=\"noopener noreferrer\"><span style=\"text-decoration: underline;\"><span style=\"color: #0000ff; text-decoration: underline;\">Les conditions techniques <\/span><\/span><\/a><\/li>\n<li><a href=\"http:\/\/www.aufildutheatre.com\/?page_id=2706\" target=\"_self\" rel=\"noopener noreferrer\"><span style=\"text-decoration: underline;\"><span style=\"color: #0000ff; text-decoration: underline;\">Les tarifs <\/span><\/span><\/a><\/li>\n<li><a href=\"http:\/\/www.aufildutheatre.com\/?page_id=1769\" target=\"_self\" rel=\"noopener noreferrer\"><span style=\"text-decoration: underline;\"><span style=\"color: #0000ff; text-decoration: underline;\">Plus de photos ?<\/span><\/span><\/a><\/li>\n<li><span style=\"text-decoration: underline;\"><span style=\"color: #0000ff; text-decoration: underline;\">Fiche p\u00e9dagogique<\/span><\/span><\/li>\n<\/ul>\n<\/div>\n<div id=\"ffenetremailtomailModal\" style=\"z-index: 20002;\">\n<div id=\"ffenetremailtopopupModalMail\">\n<div id=\"ffenetremailtotoModalClose\">&nbsp;<\/div>\n<p>&nbsp;<\/p>\n<\/div>\n<\/div>\n<div><img><\/div>\n","protected":false},"excerpt":{"rendered":"<p>Ce spectacle est adapt\u00e9 pour des enfants de 12\/15 mois \u00e0 7 ans&#8230; les plus grands aidant les plus jeune&#8230; T\u00e9l\u00e9charger ici le document en pdf Le livre d&rsquo;or Les conditions techniques Les tarifs Plus de photos ? Fiche p\u00e9dagogique<\/p>\n","protected":false},"author":2,"featured_media":0,"parent":176,"menu_order":0,"comment_status":"closed","ping_status":"closed","template":"","meta":{"ngg_post_thumbnail":0},"_links":{"self":[{"href":"https:\/\/www.aufildutheatre.com\/index.php?rest_route=\/wp\/v2\/pages\/1795"}],"collection":[{"href":"https:\/\/www.aufildutheatre.com\/index.php?rest_route=\/wp\/v2\/pages"}],"about":[{"href":"https:\/\/www.aufildutheatre.com\/index.php?rest_route=\/wp\/v2\/types\/page"}],"author":[{"embeddable":true,"href":"https:\/\/www.aufildutheatre.com\/index.php?rest_route=\/wp\/v2\/users\/2"}],"replies":[{"embeddable":true,"href":"https:\/\/www.aufildutheatre.com\/index.php?rest_route=%2Fwp%2Fv2%2Fcomments&post=1795"}],"version-history":[{"count":5,"href":"https:\/\/www.aufildutheatre.com\/index.php?rest_route=\/wp\/v2\/pages\/1795\/revisions"}],"predecessor-version":[{"id":8051,"href":"https:\/\/www.aufildutheatre.com\/index.php?rest_route=\/wp\/v2\/pages\/1795\/revisions\/8051"}],"up":[{"embeddable":true,"href":"https:\/\/www.aufildutheatre.com\/index.php?rest_route=\/wp\/v2\/pages\/176"}],"wp:attachment":[{"href":"https:\/\/www.aufildutheatre.com\/index.php?rest_route=%2Fwp%2Fv2%2Fmedia&parent=1795"}],"curies":[{"name":"wp","href":"https:\/\/api.w.org\/{rel}","templated":true}]}}