{"id":176,"date":"2010-01-26T03:38:04","date_gmt":"2010-01-25T14:38:04","guid":{"rendered":"http:\/\/harpie64.wordpress.com\/amstramgram\/"},"modified":"2022-11-13T19:20:25","modified_gmt":"2022-11-13T18:20:25","slug":"amstramgram","status":"publish","type":"page","link":"https:\/\/www.aufildutheatre.com\/?page_id=176","title":{"rendered":"AM STRAM GRAM !"},"content":{"rendered":"<p style=\"text-align: center;\"><a href=\"http:\/\/www.aufildutheatre.com\/new\/wp-content\/uploads\/2012\/04\/STA77332.jpg\"><img loading=\"lazy\" class=\"aligncenter\" title=\"STA77332\" src=\"http:\/\/www.aufildutheatre.com\/new\/wp-content\/uploads\/2012\/04\/STA77332-150x150.jpg\" alt=\"\" width=\"150\" height=\"150\"><\/a><span style=\"color: #eb9957;\">Grand jeu de l&rsquo;oie solidaire<\/span><\/p>\n<p><a href=\"http:\/\/www.aufildutheatre.com\/new\/wp-content\/uploads\/2010\/01\/ASG-anif-Eliam.jpg\"><img loading=\"lazy\" class=\"aligncenter\" title=\"ASG anif Eliam\" src=\"http:\/\/www.aufildutheatre.com\/new\/wp-content\/uploads\/2010\/01\/ASG-anif-Eliam-300x227.jpg\" alt=\"\" width=\"300\" height=\"227\"><\/a><br \/>\n<span style=\"color: #99cc00;\">La r\u00e8gle de jeu expliqu\u00e9e, les petits spectateurs sont invit\u00e9s \u00e0 participer \u00e0 une grande partie de jeu de l&rsquo;oie inter-active et solidaire. <\/span><\/p>\n<p><span style=\"color: #99cc00;\">La partie se d\u00e9roule de mani\u00e8re coop\u00e9rative et dans la bonne humeur ! <\/span><span style=\"color: #99cc00;\">Les participants&nbsp; des \u00e9quipes form\u00e9es&nbsp; vont&nbsp; tour \u00e0 tour lancer les d\u00e9s, avancer les pions, ex\u00e9cuter les gages: chanter, p\u00eacher, former un orchestre, colorier, cr\u00e9er une fresque d\u00e9corative, mimer&#8230;<\/span> <span style=\"color: #ff9900;\">J<\/span><span style=\"color: #00ccff;\">O<\/span><span style=\"color: #ffcc00;\">U<\/span><span style=\"color: #3366ff;\">E<\/span><span style=\"color: #b9cc2b;\">R <span style=\"color: #852ed1;\">!<\/span><\/span><br \/>\n<span style=\"color: #99cc00;\">Selon l&rsquo;\u00e2ge des enfants, une ou plusieurs \u00e9quipes seront form\u00e9es, mais ici, pas de perdants ! <\/span><span style=\"color: #99cc00;\">Tout le monde est gagnant puisque, c&rsquo;est gr\u00e2ce \u00e0 la participation de chacun, que <\/span><span style=\"color: #436fe8;\"><span style=\"color: #99cc00;\">les joueurs vont d\u00e9couvrir ce que cache la derni\u00e8re case&#8230;&nbsp;<\/span><br \/>\n<\/span><\/p>\n<h1><span style=\"color: #c21b7f;\">A<\/span> <span style=\"color: #00ccff;\">V<\/span><span style=\"color: #e69215;\">o<\/span><span style=\"color: #159656;\">u<\/span><span style=\"color: #ff6600;\">s<\/span> <span style=\"color: #db5a5a;\">d<\/span><span style=\"color: #ed8ad3;\">e <span style=\"color: #3366ff;\">J<\/span><\/span><span style=\"color: #0000ff;\">O<\/span><span style=\"color: #5bb02a;\">U<span style=\"color: #ffcc00;\">E<\/span><\/span><span style=\"color: #e83f3f;\">R<\/span> <span style=\"color: #c21b7f;\">!<\/span><span style=\"color: #ff9900;\">!<\/span><\/h1>\n<p>&nbsp;<\/p>\n\n\n<div class=\"ngg-galleryoverview ngg-slideshow\"\n\t id=\"ngg-slideshow-cce6ab1c97b1351ab3682fa92d7def57-5110374990\"\n     data-gallery-id=\"cce6ab1c97b1351ab3682fa92d7def57\"\n     style=\"max-width: 600px; max-height: 400px;\">\n\n \t<div id=\"ngg-image-0\" class=\"ngg-gallery-slideshow-image\" style=\"height:400px\">\n\n        <a href=\"https:\/\/www.aufildutheatre.com\/wp-content\/gallery\/asg\/STA76788-1.jpg\"\n           title=\"\"\n           data-src=\"https:\/\/www.aufildutheatre.com\/wp-content\/gallery\/asg\/STA76788-1.jpg\"\n           data-thumbnail=\"https:\/\/www.aufildutheatre.com\/wp-content\/gallery\/asg\/thumbs\/thumbs_STA76788-1.jpg\"\n           data-image-id=\"122\"\n           data-title=\"STA76788-1\"\n           data-description=\"\"\n           class=\"ngg-fancybox\" rel=\"cce6ab1c97b1351ab3682fa92d7def57\">\n\n            <img data-image-id='122'\n                 title=\"\"\n                 alt=\"STA76788-1\"\n                 src=\"https:\/\/www.aufildutheatre.com\/wp-content\/gallery\/asg\/STA76788-1.jpg\"\n                 style=\"max-height: 380px;\"\/>\n        <\/a>\n\n        <\/div> \n<div id=\"ngg-image-1\" class=\"ngg-gallery-slideshow-image\" style=\"height:400px\">\n\n        <a href=\"https:\/\/www.aufildutheatre.com\/wp-content\/gallery\/asg\/ANNIF-ASG-copie.jpg\"\n           title=\"\"\n           data-src=\"https:\/\/www.aufildutheatre.com\/wp-content\/gallery\/asg\/ANNIF-ASG-copie.jpg\"\n           data-thumbnail=\"https:\/\/www.aufildutheatre.com\/wp-content\/gallery\/asg\/thumbs\/thumbs_ANNIF-ASG-copie.jpg\"\n           data-image-id=\"123\"\n           data-title=\"ANNIF-ASG-copie\"\n           data-description=\"\"\n           class=\"ngg-fancybox\" rel=\"cce6ab1c97b1351ab3682fa92d7def57\">\n\n            <img data-image-id='123'\n                 title=\"\"\n                 alt=\"ANNIF-ASG-copie\"\n                 src=\"https:\/\/www.aufildutheatre.com\/wp-content\/gallery\/asg\/ANNIF-ASG-copie.jpg\"\n                 style=\"max-height: 380px;\"\/>\n        <\/a>\n\n        <\/div> \n<div id=\"ngg-image-2\" class=\"ngg-gallery-slideshow-image\" style=\"height:400px\">\n\n        <a href=\"https:\/\/www.aufildutheatre.com\/wp-content\/gallery\/asg\/sac-a-pions.jpg\"\n           title=\"\"\n           data-src=\"https:\/\/www.aufildutheatre.com\/wp-content\/gallery\/asg\/sac-a-pions.jpg\"\n           data-thumbnail=\"https:\/\/www.aufildutheatre.com\/wp-content\/gallery\/asg\/thumbs\/thumbs_sac-a-pions.jpg\"\n           data-image-id=\"148\"\n           data-title=\"sac-a-pions\"\n           data-description=\"\"\n           class=\"ngg-fancybox\" rel=\"cce6ab1c97b1351ab3682fa92d7def57\">\n\n            <img data-image-id='148'\n                 title=\"\"\n                 alt=\"sac-a-pions\"\n                 src=\"https:\/\/www.aufildutheatre.com\/wp-content\/gallery\/asg\/sac-a-pions.jpg\"\n                 style=\"max-height: 380px;\"\/>\n        <\/a>\n\n        <\/div> \n<div id=\"ngg-image-3\" class=\"ngg-gallery-slideshow-image\" style=\"height:400px\">\n\n        <a href=\"https:\/\/www.aufildutheatre.com\/wp-content\/gallery\/asg\/Sac-toile-oie.jpg\"\n           title=\"\"\n           data-src=\"https:\/\/www.aufildutheatre.com\/wp-content\/gallery\/asg\/Sac-toile-oie.jpg\"\n           data-thumbnail=\"https:\/\/www.aufildutheatre.com\/wp-content\/gallery\/asg\/thumbs\/thumbs_Sac-toile-oie.jpg\"\n           data-image-id=\"134\"\n           data-title=\"Sac-toile-oie\"\n           data-description=\"\"\n           class=\"ngg-fancybox\" rel=\"cce6ab1c97b1351ab3682fa92d7def57\">\n\n            <img data-image-id='134'\n                 title=\"\"\n                 alt=\"Sac-toile-oie\"\n                 src=\"https:\/\/www.aufildutheatre.com\/wp-content\/gallery\/asg\/Sac-toile-oie.jpg\"\n                 style=\"max-height: 380px;\"\/>\n        <\/a>\n\n        <\/div> \n<div id=\"ngg-image-4\" class=\"ngg-gallery-slideshow-image\" style=\"height:400px\">\n\n        <a href=\"https:\/\/www.aufildutheatre.com\/wp-content\/gallery\/asg\/P1020752-1.jpg\"\n           title=\"\"\n           data-src=\"https:\/\/www.aufildutheatre.com\/wp-content\/gallery\/asg\/P1020752-1.jpg\"\n           data-thumbnail=\"https:\/\/www.aufildutheatre.com\/wp-content\/gallery\/asg\/thumbs\/thumbs_P1020752-1.jpg\"\n           data-image-id=\"121\"\n           data-title=\"P1020752-1\"\n           data-description=\"\"\n           class=\"ngg-fancybox\" rel=\"cce6ab1c97b1351ab3682fa92d7def57\">\n\n            <img data-image-id='121'\n                 title=\"\"\n                 alt=\"P1020752-1\"\n                 src=\"https:\/\/www.aufildutheatre.com\/wp-content\/gallery\/asg\/P1020752-1.jpg\"\n                 style=\"max-height: 380px;\"\/>\n        <\/a>\n\n        <\/div> \n<div id=\"ngg-image-5\" class=\"ngg-gallery-slideshow-image\" style=\"height:400px\">\n\n        <a href=\"https:\/\/www.aufildutheatre.com\/wp-content\/gallery\/asg\/labyrinthe.jpg\"\n           title=\"\"\n           data-src=\"https:\/\/www.aufildutheatre.com\/wp-content\/gallery\/asg\/labyrinthe.jpg\"\n           data-thumbnail=\"https:\/\/www.aufildutheatre.com\/wp-content\/gallery\/asg\/thumbs\/thumbs_labyrinthe.jpg\"\n           data-image-id=\"145\"\n           data-title=\"labyrinthe\"\n           data-description=\"\"\n           class=\"ngg-fancybox\" rel=\"cce6ab1c97b1351ab3682fa92d7def57\">\n\n            <img data-image-id='145'\n                 title=\"\"\n                 alt=\"labyrinthe\"\n                 src=\"https:\/\/www.aufildutheatre.com\/wp-content\/gallery\/asg\/labyrinthe.jpg\"\n                 style=\"max-height: 380px;\"\/>\n        <\/a>\n\n        <\/div> \n<div id=\"ngg-image-6\" class=\"ngg-gallery-slideshow-image\" style=\"height:400px\">\n\n        <a href=\"https:\/\/www.aufildutheatre.com\/wp-content\/gallery\/asg\/P1040384.jpg\"\n           title=\"\"\n           data-src=\"https:\/\/www.aufildutheatre.com\/wp-content\/gallery\/asg\/P1040384.jpg\"\n           data-thumbnail=\"https:\/\/www.aufildutheatre.com\/wp-content\/gallery\/asg\/thumbs\/thumbs_P1040384.jpg\"\n           data-image-id=\"119\"\n           data-title=\"P1040384\"\n           data-description=\"\"\n           class=\"ngg-fancybox\" rel=\"cce6ab1c97b1351ab3682fa92d7def57\">\n\n            <img data-image-id='119'\n                 title=\"\"\n                 alt=\"P1040384\"\n                 src=\"https:\/\/www.aufildutheatre.com\/wp-content\/gallery\/asg\/P1040384.jpg\"\n                 style=\"max-height: 380px;\"\/>\n        <\/a>\n\n        <\/div> \n<div id=\"ngg-image-7\" class=\"ngg-gallery-slideshow-image\" style=\"height:400px\">\n\n        <a href=\"https:\/\/www.aufildutheatre.com\/wp-content\/gallery\/asg\/Image-3-1.jpg\"\n           title=\"\"\n           data-src=\"https:\/\/www.aufildutheatre.com\/wp-content\/gallery\/asg\/Image-3-1.jpg\"\n           data-thumbnail=\"https:\/\/www.aufildutheatre.com\/wp-content\/gallery\/asg\/thumbs\/thumbs_Image-3-1.jpg\"\n           data-image-id=\"120\"\n           data-title=\"Image-3-1\"\n           data-description=\"\"\n           class=\"ngg-fancybox\" rel=\"cce6ab1c97b1351ab3682fa92d7def57\">\n\n            <img data-image-id='120'\n                 title=\"\"\n                 alt=\"Image-3-1\"\n                 src=\"https:\/\/www.aufildutheatre.com\/wp-content\/gallery\/asg\/Image-3-1.jpg\"\n                 style=\"max-height: 380px;\"\/>\n        <\/a>\n\n        <\/div> \n<div id=\"ngg-image-8\" class=\"ngg-gallery-slideshow-image\" style=\"height:400px\">\n\n        <a href=\"https:\/\/www.aufildutheatre.com\/wp-content\/gallery\/asg\/pion-yeux-grenouille1.jpg\"\n           title=\"\"\n           data-src=\"https:\/\/www.aufildutheatre.com\/wp-content\/gallery\/asg\/pion-yeux-grenouille1.jpg\"\n           data-thumbnail=\"https:\/\/www.aufildutheatre.com\/wp-content\/gallery\/asg\/thumbs\/thumbs_pion-yeux-grenouille1.jpg\"\n           data-image-id=\"135\"\n           data-title=\"pion-yeux-grenouille1\"\n           data-description=\"\"\n           class=\"ngg-fancybox\" rel=\"cce6ab1c97b1351ab3682fa92d7def57\">\n\n            <img data-image-id='135'\n                 title=\"\"\n                 alt=\"pion-yeux-grenouille1\"\n                 src=\"https:\/\/www.aufildutheatre.com\/wp-content\/gallery\/asg\/pion-yeux-grenouille1.jpg\"\n                 style=\"max-height: 380px;\"\/>\n        <\/a>\n\n        <\/div> \n<div id=\"ngg-image-9\" class=\"ngg-gallery-slideshow-image\" style=\"height:400px\">\n\n        <a href=\"https:\/\/www.aufildutheatre.com\/wp-content\/gallery\/asg\/mime-de-vaches-Art10.jpg\"\n           title=\"\"\n           data-src=\"https:\/\/www.aufildutheatre.com\/wp-content\/gallery\/asg\/mime-de-vaches-Art10.jpg\"\n           data-thumbnail=\"https:\/\/www.aufildutheatre.com\/wp-content\/gallery\/asg\/thumbs\/thumbs_mime-de-vaches-Art10.jpg\"\n           data-image-id=\"143\"\n           data-title=\"mime-de-vaches-Art10\"\n           data-description=\"\"\n           class=\"ngg-fancybox\" rel=\"cce6ab1c97b1351ab3682fa92d7def57\">\n\n            <img data-image-id='143'\n                 title=\"\"\n                 alt=\"mime-de-vaches-Art10\"\n                 src=\"https:\/\/www.aufildutheatre.com\/wp-content\/gallery\/asg\/mime-de-vaches-Art10.jpg\"\n                 style=\"max-height: 380px;\"\/>\n        <\/a>\n\n        <\/div> \n<div id=\"ngg-image-10\" class=\"ngg-gallery-slideshow-image\" style=\"height:400px\">\n\n        <a href=\"https:\/\/www.aufildutheatre.com\/wp-content\/gallery\/asg\/roulade-sur-tortue.jpg\"\n           title=\"\"\n           data-src=\"https:\/\/www.aufildutheatre.com\/wp-content\/gallery\/asg\/roulade-sur-tortue.jpg\"\n           data-thumbnail=\"https:\/\/www.aufildutheatre.com\/wp-content\/gallery\/asg\/thumbs\/thumbs_roulade-sur-tortue.jpg\"\n           data-image-id=\"139\"\n           data-title=\"roulade-sur-tortue\"\n           data-description=\"\"\n           class=\"ngg-fancybox\" rel=\"cce6ab1c97b1351ab3682fa92d7def57\">\n\n            <img data-image-id='139'\n                 title=\"\"\n                 alt=\"roulade-sur-tortue\"\n                 src=\"https:\/\/www.aufildutheatre.com\/wp-content\/gallery\/asg\/roulade-sur-tortue.jpg\"\n                 style=\"max-height: 380px;\"\/>\n        <\/a>\n\n        <\/div> \n<div id=\"ngg-image-11\" class=\"ngg-gallery-slideshow-image\" style=\"height:400px\">\n\n        <a href=\"https:\/\/www.aufildutheatre.com\/wp-content\/gallery\/asg\/Roule-tapis-Asg1.jpg\"\n           title=\"\"\n           data-src=\"https:\/\/www.aufildutheatre.com\/wp-content\/gallery\/asg\/Roule-tapis-Asg1.jpg\"\n           data-thumbnail=\"https:\/\/www.aufildutheatre.com\/wp-content\/gallery\/asg\/thumbs\/thumbs_Roule-tapis-Asg1.jpg\"\n           data-image-id=\"132\"\n           data-title=\"Roule-tapis-Asg1\"\n           data-description=\"\"\n           class=\"ngg-fancybox\" rel=\"cce6ab1c97b1351ab3682fa92d7def57\">\n\n            <img data-image-id='132'\n                 title=\"\"\n                 alt=\"Roule-tapis-Asg1\"\n                 src=\"https:\/\/www.aufildutheatre.com\/wp-content\/gallery\/asg\/Roule-tapis-Asg1.jpg\"\n                 style=\"max-height: 380px;\"\/>\n        <\/a>\n\n        <\/div> \n<\/div>\n\n\n\t\t<!-- Thumbnails Link -->\n\t<div class=\"slideshowlink\" style=\"max-width: 600px;\">\n        <a href='https:\/\/www.aufildutheatre.com\/index.php\/nggallery\/thumbnails?page_id=176'>[Montrer sous forme de vignettes]<\/a>\n\t<\/div>\n\n\n<p><a href=\"http:\/\/www.aufildutheatre.com\/new\/?attachment_id=2285\" rel=\"attachment wp-att-2285\"><img loading=\"lazy\" class=\"aligncenter size-medium wp-image-2285\" style=\"clear: both; padding-top: 2em;\" title=\"tete de piafs copie\" src=\"http:\/\/www.aufildutheatre.com\/new\/wp-content\/uploads\/2010\/01\/tete-de-piafs-copie.jpg?w=233\" alt=\"\" width=\"91\" height=\"115\"><\/a><\/p>\n<div style=\"position: relative; margin-left: 9.5em; height: 250px;\">\n<ul style=\"position: absolute; top: 1em; right: 4em; font-size: 1.3em; color: #6191ba;\">\n<li><a href=\"https:\/\/www.aufildutheatre.com\/?page_id=1807\" target=\"_self\" rel=\"noopener noreferrer\"><span style=\"text-decoration: underline;\"><span style=\"color: #0000ff; text-decoration: underline;\">Le livre d&rsquo;or <\/span><\/span><\/a><\/li>\n<li><a href=\"https:\/\/www.aufildutheatre.com\/?page_id=1795\" target=\"_self\" rel=\"noopener noreferrer\"><span style=\"text-decoration: underline;\"><span style=\"color: #0000ff; text-decoration: underline;\">Les conditions techniques <\/span><\/span><\/a><\/li>\n<li><a href=\"https:\/\/www.aufildutheatre.com\/?page_id=2706\" target=\"_self\" rel=\"noopener noreferrer\"><span style=\"text-decoration: underline;\"><span style=\"color: #0000ff; text-decoration: underline;\">Les tarifs <\/span><\/span><\/a><\/li>\n<li><a href=\"https:\/\/www.aufildutheatre.com\/?page_id=1769\" target=\"_self\" rel=\"noopener noreferrer\"><span style=\"text-decoration: underline;\"><span style=\"color: #0000ff; text-decoration: underline;\">Plus de photos ?<\/span><\/span><\/a><\/li>\n<li><span style=\"text-decoration: underline;\"><span style=\"color: #0000ff; text-decoration: underline;\">Fiche p\u00e9dagogique<\/span><\/span><\/li>\n<\/ul>\n<\/div>\n<div id=\"ffenetremailtomailModal\" style=\"z-index: 20002;\">\n<div id=\"ffenetremailtopopupModalMail\">\n<div id=\"ffenetremailtotoModalClose\">&nbsp;<\/div>\n<\/div>\n<\/div>\n<div><img><\/div>\n","protected":false},"excerpt":{"rendered":"<p>Grand jeu de l&rsquo;oie solidaire La r\u00e8gle de jeu expliqu\u00e9e, les petits spectateurs sont invit\u00e9s \u00e0 participer \u00e0 une grande partie de jeu de l&rsquo;oie inter-active et solidaire. La partie se d\u00e9roule de mani\u00e8re coop\u00e9rative et dans la bonne humeur<\/p>\n","protected":false},"author":2,"featured_media":0,"parent":0,"menu_order":5,"comment_status":"closed","ping_status":"closed","template":"","meta":{"ngg_post_thumbnail":0},"_links":{"self":[{"href":"https:\/\/www.aufildutheatre.com\/index.php?rest_route=\/wp\/v2\/pages\/176"}],"collection":[{"href":"https:\/\/www.aufildutheatre.com\/index.php?rest_route=\/wp\/v2\/pages"}],"about":[{"href":"https:\/\/www.aufildutheatre.com\/index.php?rest_route=\/wp\/v2\/types\/page"}],"author":[{"embeddable":true,"href":"https:\/\/www.aufildutheatre.com\/index.php?rest_route=\/wp\/v2\/users\/2"}],"replies":[{"embeddable":true,"href":"https:\/\/www.aufildutheatre.com\/index.php?rest_route=%2Fwp%2Fv2%2Fcomments&post=176"}],"version-history":[{"count":10,"href":"https:\/\/www.aufildutheatre.com\/index.php?rest_route=\/wp\/v2\/pages\/176\/revisions"}],"predecessor-version":[{"id":8126,"href":"https:\/\/www.aufildutheatre.com\/index.php?rest_route=\/wp\/v2\/pages\/176\/revisions\/8126"}],"wp:attachment":[{"href":"https:\/\/www.aufildutheatre.com\/index.php?rest_route=%2Fwp%2Fv2%2Fmedia&parent=176"}],"curies":[{"name":"wp","href":"https:\/\/api.w.org\/{rel}","templated":true}]}}